{"id":2656,"date":"2025-12-02T18:24:25","date_gmt":"2025-12-02T17:24:25","guid":{"rendered":"https:\/\/www.regionalis.shop\/stoffwild-handgemachte-mode\/?post_type=product&#038;p=2656"},"modified":"2025-12-02T18:46:07","modified_gmt":"2025-12-02T17:46:07","slug":"lange-hose-aus-musselin-gr-86-92","status":"publish","type":"product","link":"https:\/\/www.regionalis.shop\/stoffwild-handgemachte-mode\/shop\/lange-hose-aus-musselin-gr-86-92\/","title":{"rendered":"Lange Hose aus Musselin, Gr. 86\/92"},"content":{"rendered":"<p>Tolle, lange Hose aus braunem Batik-Musselin &#8211; perfekt f\u00fcr hei\u00dfe Sommertage oder Strandabenteuer! So bleiben die Kinderbeinchen vor der Sonne gesch\u00fctzt \ud83d\ude0a<\/p>\n<p>Das Bauchb\u00fcndchen sorgt f\u00fcr guten Sitz und engt nicht ein.<\/p>\n<p>Gerne fertige ich euch eine Hose in anderen Designs und Stoffen an! <a href=\"mailto:hallo@stoffwild.at\">Schreibt mir einfach eure W\u00fcnsche \ud83d\ude0a<\/a><\/p>\n<p>Gen\u00e4ht nach dem Schnittmuster &#8222;Hose Estrella&#8220; von Engelinchen Design<\/p>\n","protected":false},"excerpt":{"rendered":"<p>Tolle, lange Hose aus braunem Batik-Musselin<\/p>\n","protected":false},"featured_media":1647,"template":"","meta":{"_acf_changed":false},"product_brand":[1053],"product_cat":[38,49,18],"product_tag":[483,241,242,243,216,441,444],"class_list":{"0":"post-2656","1":"product","2":"type-product","3":"status-publish","4":"has-post-thumbnail","6":"product_brand-stoffwild","7":"product_cat-baby-kinder","8":"product_cat-kinderkleidung","9":"product_cat-uncategorised","10":"product_tag-1-geburtstag","11":"product_tag-babyhose","12":"product_tag-kinderhose","13":"product_tag-mitwachshose","14":"product_tag-musselin","15":"product_tag-musselinhose","16":"product_tag-sommerhose","17":"product_shipping_class-standardversand","19":"first","20":"instock","21":"taxable","22":"shipping-taxable","23":"purchasable","24":"product-type-simple"},"acf":[],"_links":{"self":[{"href":"https:\/\/www.regionalis.shop\/stoffwild-handgemachte-mode\/wp-json\/wp\/v2\/product\/2656","targetHints":{"allow":["GET"]}}],"collection":[{"href":"https:\/\/www.regionalis.shop\/stoffwild-handgemachte-mode\/wp-json\/wp\/v2\/product"}],"about":[{"href":"https:\/\/www.regionalis.shop\/stoffwild-handgemachte-mode\/wp-json\/wp\/v2\/types\/product"}],"wp:featuredmedia":[{"embeddable":true,"href":"https:\/\/www.regionalis.shop\/stoffwild-handgemachte-mode\/wp-json\/wp\/v2\/media\/1647"}],"wp:attachment":[{"href":"https:\/\/www.regionalis.shop\/stoffwild-handgemachte-mode\/wp-json\/wp\/v2\/media?parent=2656"}],"wp:term":[{"taxonomy":"product_brand","embeddable":true,"href":"https:\/\/www.regionalis.shop\/stoffwild-handgemachte-mode\/wp-json\/wp\/v2\/product_brand?post=2656"},{"taxonomy":"product_cat","embeddable":true,"href":"https:\/\/www.regionalis.shop\/stoffwild-handgemachte-mode\/wp-json\/wp\/v2\/product_cat?post=2656"},{"taxonomy":"product_tag","embeddable":true,"href":"https:\/\/www.regionalis.shop\/stoffwild-handgemachte-mode\/wp-json\/wp\/v2\/product_tag?post=2656"}],"curies":[{"name":"wp","href":"https:\/\/api.w.org\/{rel}","templated":true}]}}