{"id":2675,"date":"2025-12-02T18:24:30","date_gmt":"2025-12-02T17:24:30","guid":{"rendered":"https:\/\/www.regionalis.shop\/stoffwild-handgemachte-mode\/?post_type=product&#038;p=2675"},"modified":"2025-12-02T18:45:31","modified_gmt":"2025-12-02T17:45:31","slug":"sommershirt-seesterne-gr-86","status":"publish","type":"product","link":"https:\/\/www.regionalis.shop\/stoffwild-handgemachte-mode\/shop\/sommershirt-seesterne-gr-86\/","title":{"rendered":"Sommershirt &#8222;Seesterne&#8220; Gr. 86"},"content":{"rendered":"<p>Entdecke das zauberhafte Sternenmeer f\u00fcr die Kleinsten! Dieses entz\u00fcckende Shirt in Gr\u00f6\u00dfe 86 ist nicht nur ein Hingucker, sondern verspricht auch maritime Abenteuer in jeder Kuscheleinheit.<\/p>\n<p>Aus feinster Baumwolle gefertigt, bietet das Shirt mit Seestern-Muster optimalen Tragekomfort f\u00fcr deinen kleinen Schatz. Das Design spielt mit einer sanften Farbpalette aus Creme und Pastellt\u00f6nen, unterbrochen von grauen, blauen und beigen Seesternen, die harmonisch \u00fcber das gesamte Shirt verteilt sind.<\/p>\n<p>Stell dir vor, wie dein kleiner Abenteurer in diesem Shirt die Welt erkundet \u2013 jede Bewegung ist bequem und stilvoll begleitet. Die dezenten Farbt\u00f6ne und das verspielte Muster sind ideal f\u00fcr jeden Anlass, sei es ein Tag im Park oder eine Familienfeier.<\/p>\n<p>Jetzt zugreifen und die Sch\u00f6nheit des Ozeans in den Kleiderschrank bringen. Mit diesem Shirt wird jedes Outfit zum Highlight. Lass es nicht entwischen \u2013 f\u00fcr ein L\u00e4cheln, so strahlend wie die Sterne am Meereshimmel.<\/p>\n<p><em>Gen\u00e4ht nach dem Schnittmuster von Engelinchen Design &#8222;Sommershirt Pablo&#8220;<\/em><\/p>\n","protected":false},"excerpt":{"rendered":"<p>Bequemes Shirt aus weichem Jersey<\/p>\n","protected":false},"featured_media":1756,"template":"","meta":{"_acf_changed":false},"product_brand":[1053],"product_cat":[38,49,18],"product_tag":[460,465,545,546,547,544,466],"class_list":{"0":"post-2675","1":"product","2":"type-product","3":"status-publish","4":"has-post-thumbnail","6":"product_brand-stoffwild","7":"product_cat-baby-kinder","8":"product_cat-kinderkleidung","9":"product_cat-uncategorised","10":"product_tag-kindershirt","11":"product_tag-kurzarm","12":"product_tag-maritim","13":"product_tag-meer","14":"product_tag-seesterne","15":"product_tag-sommer","16":"product_tag-t-shirt","17":"product_shipping_class-standardversand","19":"first","20":"instock","21":"taxable","22":"shipping-taxable","23":"purchasable","24":"product-type-simple"},"acf":[],"_links":{"self":[{"href":"https:\/\/www.regionalis.shop\/stoffwild-handgemachte-mode\/wp-json\/wp\/v2\/product\/2675","targetHints":{"allow":["GET"]}}],"collection":[{"href":"https:\/\/www.regionalis.shop\/stoffwild-handgemachte-mode\/wp-json\/wp\/v2\/product"}],"about":[{"href":"https:\/\/www.regionalis.shop\/stoffwild-handgemachte-mode\/wp-json\/wp\/v2\/types\/product"}],"wp:featuredmedia":[{"embeddable":true,"href":"https:\/\/www.regionalis.shop\/stoffwild-handgemachte-mode\/wp-json\/wp\/v2\/media\/1756"}],"wp:attachment":[{"href":"https:\/\/www.regionalis.shop\/stoffwild-handgemachte-mode\/wp-json\/wp\/v2\/media?parent=2675"}],"wp:term":[{"taxonomy":"product_brand","embeddable":true,"href":"https:\/\/www.regionalis.shop\/stoffwild-handgemachte-mode\/wp-json\/wp\/v2\/product_brand?post=2675"},{"taxonomy":"product_cat","embeddable":true,"href":"https:\/\/www.regionalis.shop\/stoffwild-handgemachte-mode\/wp-json\/wp\/v2\/product_cat?post=2675"},{"taxonomy":"product_tag","embeddable":true,"href":"https:\/\/www.regionalis.shop\/stoffwild-handgemachte-mode\/wp-json\/wp\/v2\/product_tag?post=2675"}],"curies":[{"name":"wp","href":"https:\/\/api.w.org\/{rel}","templated":true}]}}