{"id":2868,"date":"2025-12-02T18:26:36","date_gmt":"2025-12-02T17:26:36","guid":{"rendered":"https:\/\/www.regionalis.shop\/stoffwild-handgemachte-mode\/?post_type=product&#038;p=2868"},"modified":"2025-12-02T18:42:20","modified_gmt":"2025-12-02T17:42:20","slug":"pumphose-pinguin-gr-56-62","status":"publish","type":"product","link":"https:\/\/www.regionalis.shop\/stoffwild-handgemachte-mode\/shop\/pumphose-pinguin-gr-56-62\/","title":{"rendered":"Pumphose Pinguin, Gr. 56-62"},"content":{"rendered":"<p>Warme Pumphose aus weichem SommerSweat-Stoff mit lustigen Pinguinen \ud83d\udc27 Perfekt f\u00fcr die Winter- und Weihnachtszeit \ud83c\udf84 \u2603\ufe0f<\/p>\n<p>Die Hose hat als Highlight einen Aufn\u00e4her mit dem Schriftzug &#8222;Oh Deer&#8220; aufgen\u00e4ht.<\/p>\n<p>Toll als Geschenk zur Geburt, zu Weihnachten oder anderen Feierlichkeiten \ud83d\udc9b<\/p>\n<p>Die Pumpi hat als Abschluss ein bequemes B\u00fcndchen angen\u00e4ht &#8211; so engt nichts ein, sitzt perfekt und w\u00e4chst mit \ud83d\ude09 Somit passt und w\u00e4chst die Babyhose \u00fcber einen l\u00e4ngeren Zeitraum!<\/p>\n<p>Auch eine nette Geschenkidee zur Geburt &#8211; so hat das Baby (und die Eltern) auch Monate nach dem wundersch\u00f6nen Ereignis noch etwas davon \ud83d\udc9b<\/p>\n<p>Pumphose: Gr. 56-62: 1-3 Monate<\/p>\n","protected":false},"excerpt":{"rendered":"<p>Pumphose mit s\u00fcssen Pinguinen<\/p>\n","protected":false},"featured_media":2031,"template":"","meta":{"_acf_changed":false},"product_brand":[1053],"product_cat":[38,49,18],"product_tag":[240,241,242,243,567,490,413],"class_list":{"0":"post-2868","1":"product","2":"type-product","3":"status-publish","4":"has-post-thumbnail","6":"product_brand-stoffwild","7":"product_cat-baby-kinder","8":"product_cat-kinderkleidung","9":"product_cat-uncategorised","10":"product_tag-baby-pumphose","11":"product_tag-babyhose","12":"product_tag-kinderhose","13":"product_tag-mitwachshose","14":"product_tag-pinguin","15":"product_tag-pumpi","16":"product_tag-unikat","17":"product_shipping_class-standardversand","19":"first","20":"instock","21":"featured","22":"taxable","23":"shipping-taxable","24":"purchasable","25":"product-type-simple"},"acf":[],"_links":{"self":[{"href":"https:\/\/www.regionalis.shop\/stoffwild-handgemachte-mode\/wp-json\/wp\/v2\/product\/2868","targetHints":{"allow":["GET"]}}],"collection":[{"href":"https:\/\/www.regionalis.shop\/stoffwild-handgemachte-mode\/wp-json\/wp\/v2\/product"}],"about":[{"href":"https:\/\/www.regionalis.shop\/stoffwild-handgemachte-mode\/wp-json\/wp\/v2\/types\/product"}],"wp:featuredmedia":[{"embeddable":true,"href":"https:\/\/www.regionalis.shop\/stoffwild-handgemachte-mode\/wp-json\/wp\/v2\/media\/2031"}],"wp:attachment":[{"href":"https:\/\/www.regionalis.shop\/stoffwild-handgemachte-mode\/wp-json\/wp\/v2\/media?parent=2868"}],"wp:term":[{"taxonomy":"product_brand","embeddable":true,"href":"https:\/\/www.regionalis.shop\/stoffwild-handgemachte-mode\/wp-json\/wp\/v2\/product_brand?post=2868"},{"taxonomy":"product_cat","embeddable":true,"href":"https:\/\/www.regionalis.shop\/stoffwild-handgemachte-mode\/wp-json\/wp\/v2\/product_cat?post=2868"},{"taxonomy":"product_tag","embeddable":true,"href":"https:\/\/www.regionalis.shop\/stoffwild-handgemachte-mode\/wp-json\/wp\/v2\/product_tag?post=2868"}],"curies":[{"name":"wp","href":"https:\/\/api.w.org\/{rel}","templated":true}]}}