{"id":2884,"date":"2025-12-02T18:26:40","date_gmt":"2025-12-02T17:26:40","guid":{"rendered":"https:\/\/www.regionalis.shop\/stoffwild-handgemachte-mode\/?post_type=product&#038;p=2884"},"modified":"2025-12-02T18:27:15","modified_gmt":"2025-12-02T17:27:15","slug":"zopfbeanie-und-loop-2in1-leomuster-gr-l","status":"publish","type":"product","link":"https:\/\/www.regionalis.shop\/stoffwild-handgemachte-mode\/shop\/zopfbeanie-und-loop-2in1-leomuster-gr-l\/","title":{"rendered":"ZopfBeanie und Loop \/ 2in1 \u2013 LeoMuster, Gr. L"},"content":{"rendered":"<p>Warme ZopfBeanie aus weichem Spezial-Stoff &#8222;Trevira Bioactive&#8220;.<\/p>\n<p>Die Beanie kommt toll bei langen Haaren zur Geltung! Weiters wird die Beanie durch die raffinierte N\u00e4htechnik zu einem Loop \ud83d\ude0d Um den Loop wieder in seine urspr\u00fcngliche Form zu bringen, einfach an den Saumkanten unten nehmen und aussch\u00fctteln &#8211; siehe Video unten \u2b07\ufe0f<\/p>\n<p>Trevira Bioactive\u00ae Fasern besitzen permanent bioaktive Eigenschaften, dadurch verhindern sie die Bakterien-Vermehrung in und auf den Fasern &#8211; eine Wirkung, die f\u00fcr immer in der Faser bleibt! Zus\u00e4tzlich ist sie elastisch, strapazierfest, atmungsaktiv und sogar w\u00e4rmeregulierend. Sie zeigt nachweislich keine Beeintr\u00e4chtigung der Hautflora und ist auf K\u00f6rpervertr\u00e4glichkeit getestet.<\/p>\n<p>Ausserdem wird beim Herstellungsverfahren von Trevira Bioactive auf chemische Zus\u00e4tze komplett verzichtet!<\/p>\n<p>Gr\u00f6\u00dfe \/ Kopfumfang: L 56 \u2013 60cm<\/p>\n<div style=\"width: 350px;\" class=\"wp-video\"><video class=\"wp-video-shortcode\" id=\"video-2884-1\" width=\"350\" height=\"466\" preload=\"metadata\" controls=\"controls\"><source type=\"video\/mp4\" src=\"https:\/\/www.stoffwild.at\/wp-content\/uploads\/2024\/02\/Zopfbeanie_Loop_Anleitung.mp4?_=1\" \/><a href=\"https:\/\/www.stoffwild.at\/wp-content\/uploads\/2024\/02\/Zopfbeanie_Loop_Anleitung.mp4\">https:\/\/www.stoffwild.at\/wp-content\/uploads\/2024\/02\/Zopfbeanie_Loop_Anleitung.mp4<\/a><\/video><\/div>\n","protected":false},"excerpt":{"rendered":"<p>Stylische Zopf-Beanie und Loop in einem<\/p>\n","protected":false},"featured_media":2133,"template":"","meta":{"_acf_changed":false},"product_brand":[1053],"product_cat":[18],"product_tag":[630,631,632,633,634,635,599,600,636,637],"class_list":{"0":"post-2884","1":"product","2":"type-product","3":"status-publish","4":"has-post-thumbnail","6":"product_brand-stoffwild","7":"product_cat-uncategorised","8":"product_tag-beanie-fuer-lange-haare","9":"product_tag-beanie-lange-haare","10":"product_tag-beanie-zopf","11":"product_tag-haube-lange-haare","12":"product_tag-haube-zop","13":"product_tag-leolook","14":"product_tag-leomuster","15":"product_tag-leopard","16":"product_tag-loop-und-beanie","17":"product_tag-zopfbeanie","18":"product_shipping_class-standardversand","20":"first","21":"instock","22":"featured","23":"taxable","24":"shipping-taxable","25":"purchasable","26":"product-type-simple"},"acf":[],"_links":{"self":[{"href":"https:\/\/www.regionalis.shop\/stoffwild-handgemachte-mode\/wp-json\/wp\/v2\/product\/2884","targetHints":{"allow":["GET"]}}],"collection":[{"href":"https:\/\/www.regionalis.shop\/stoffwild-handgemachte-mode\/wp-json\/wp\/v2\/product"}],"about":[{"href":"https:\/\/www.regionalis.shop\/stoffwild-handgemachte-mode\/wp-json\/wp\/v2\/types\/product"}],"wp:featuredmedia":[{"embeddable":true,"href":"https:\/\/www.regionalis.shop\/stoffwild-handgemachte-mode\/wp-json\/wp\/v2\/media\/2133"}],"wp:attachment":[{"href":"https:\/\/www.regionalis.shop\/stoffwild-handgemachte-mode\/wp-json\/wp\/v2\/media?parent=2884"}],"wp:term":[{"taxonomy":"product_brand","embeddable":true,"href":"https:\/\/www.regionalis.shop\/stoffwild-handgemachte-mode\/wp-json\/wp\/v2\/product_brand?post=2884"},{"taxonomy":"product_cat","embeddable":true,"href":"https:\/\/www.regionalis.shop\/stoffwild-handgemachte-mode\/wp-json\/wp\/v2\/product_cat?post=2884"},{"taxonomy":"product_tag","embeddable":true,"href":"https:\/\/www.regionalis.shop\/stoffwild-handgemachte-mode\/wp-json\/wp\/v2\/product_tag?post=2884"}],"curies":[{"name":"wp","href":"https:\/\/api.w.org\/{rel}","templated":true}]}}