{"id":2889,"date":"2025-12-02T18:26:41","date_gmt":"2025-12-02T17:26:41","guid":{"rendered":"https:\/\/www.regionalis.shop\/stoffwild-handgemachte-mode\/?post_type=product&#038;p=2889"},"modified":"2025-12-02T18:27:14","modified_gmt":"2025-12-02T17:27:14","slug":"winterbeanie-wendebeanie-skifahrer-gr-s","status":"publish","type":"product","link":"https:\/\/www.regionalis.shop\/stoffwild-handgemachte-mode\/shop\/winterbeanie-wendebeanie-skifahrer-gr-s\/","title":{"rendered":"WinterBeanie \/ WendeBeanie Skifahrer, Gr. S"},"content":{"rendered":"<p>Schwinge stilvoll in die k\u00fchle Jahreszeit mit unserer Skifahrer-Beanie f\u00fcr Kinder! \ud83c\udfbf Diese M\u00fctze in sanften Pastellt\u00f6nen, geschm\u00fcckt mit einem verspielten Skifahrer-Muster, bringt winterlichen Spa\u00df in jede Garderobe. Ideal f\u00fcr kleine Pistenfans, bietet sie W\u00e4rme und Stil auf dem Spielplatz oder beim ersten Schneegest\u00f6ber. #KinderWintermode #SkifahrerChic #Gem\u00fctlichUndTrendy<\/p>\n<p>Warme (Wende)Beanie, innen aus weichem Spezial-Stoff &#8222;Trevira Bioactive&#8220; und au\u00dfen aus warmem SommerSweat in hellblau \/ blaugrau. Perfekt f\u00fcr Abenteuer im Schnee \u2744\ufe0f \u2603\ufe0f<\/p>\n<blockquote><p>Trevira Bioactive\u00ae Fasern besitzen permanent bioaktive Eigenschaften, dadurch verhindern sie die Bakterien-Vermehrung in und auf den Fasern &#8211; eine Wirkung, die f\u00fcr immer in der Faser bleibt! Zus\u00e4tzlich ist sie elastisch, strapazierfest, atmungsaktiv und sogar w\u00e4rmeregulierend. Sie zeigt nachweislich keine Beeintr\u00e4chtigung der Hautflora und ist auf K\u00f6rpervertr\u00e4glichkeit getestet.<\/p>\n<p>Ausserdem wird beim Herstellungsverfahren von Trevira Bioactive auf chemische Zus\u00e4tze komplett verzichtet!<\/p><\/blockquote>\n<p>Die Beanie ist doppellagig und kann auch gewendet getragen werden.<\/p>\n<p>Highlight au\u00dfen ist der Skifahrer-Aufn\u00e4her, bei welchem seitlich ein Kunstleder-Label mit dem Spruch &#8222;leiwand&#8220; herausschaut \ud83d\ude0e<\/p>\n<p>Gr\u00f6\u00dfe \/ Kopfumfang: S ca. 46-50cm<\/p>\n","protected":false},"excerpt":{"rendered":"<p>Tolle Winterbeanie mit Ski-Motiv<\/p>\n","protected":false},"featured_media":2127,"template":"","meta":{"_acf_changed":false},"product_brand":[1053],"product_cat":[18],"product_tag":[628,606,629,624,625,626,627,610,612,350,351,353,354,355],"class_list":{"0":"post-2889","1":"product","2":"type-product","3":"status-publish","4":"has-post-thumbnail","6":"product_brand-stoffwild","7":"product_cat-uncategorised","8":"product_tag-gemuetlichundtrendy","9":"product_tag-kinderwintermode","10":"product_tag-skifahrerchic","11":"product_tag-beanie-zum-wenden","12":"product_tag-cooler-spruch","13":"product_tag-laessig","14":"product_tag-leiwand","15":"product_tag-ski","16":"product_tag-skifahrer","17":"product_tag-wendebeanie","18":"product_tag-wendehaube","19":"product_tag-winterbeanie","20":"product_tag-winterhaube","21":"product_tag-wintermuetze","22":"product_shipping_class-standardversand","24":"first","25":"instock","26":"featured","27":"taxable","28":"shipping-taxable","29":"purchasable","30":"product-type-simple"},"acf":[],"_links":{"self":[{"href":"https:\/\/www.regionalis.shop\/stoffwild-handgemachte-mode\/wp-json\/wp\/v2\/product\/2889","targetHints":{"allow":["GET"]}}],"collection":[{"href":"https:\/\/www.regionalis.shop\/stoffwild-handgemachte-mode\/wp-json\/wp\/v2\/product"}],"about":[{"href":"https:\/\/www.regionalis.shop\/stoffwild-handgemachte-mode\/wp-json\/wp\/v2\/types\/product"}],"wp:featuredmedia":[{"embeddable":true,"href":"https:\/\/www.regionalis.shop\/stoffwild-handgemachte-mode\/wp-json\/wp\/v2\/media\/2127"}],"wp:attachment":[{"href":"https:\/\/www.regionalis.shop\/stoffwild-handgemachte-mode\/wp-json\/wp\/v2\/media?parent=2889"}],"wp:term":[{"taxonomy":"product_brand","embeddable":true,"href":"https:\/\/www.regionalis.shop\/stoffwild-handgemachte-mode\/wp-json\/wp\/v2\/product_brand?post=2889"},{"taxonomy":"product_cat","embeddable":true,"href":"https:\/\/www.regionalis.shop\/stoffwild-handgemachte-mode\/wp-json\/wp\/v2\/product_cat?post=2889"},{"taxonomy":"product_tag","embeddable":true,"href":"https:\/\/www.regionalis.shop\/stoffwild-handgemachte-mode\/wp-json\/wp\/v2\/product_tag?post=2889"}],"curies":[{"name":"wp","href":"https:\/\/api.w.org\/{rel}","templated":true}]}}