{"id":2936,"date":"2025-12-02T18:27:25","date_gmt":"2025-12-02T17:27:25","guid":{"rendered":"https:\/\/www.regionalis.shop\/stoffwild-handgemachte-mode\/?post_type=product&#038;p=2936"},"modified":"2025-12-02T18:39:58","modified_gmt":"2025-12-02T17:39:58","slug":"kleid-schmetterlinge-gr-104","status":"publish","type":"product","link":"https:\/\/www.regionalis.shop\/stoffwild-handgemachte-mode\/shop\/kleid-schmetterlinge-gr-104\/","title":{"rendered":"Kleid Schmetterlinge, Gr. 104"},"content":{"rendered":"<p>Erobere den Fr\u00fchling mit unserem zauberhaften Schmetterlingskleid in Gr\u00f6\u00dfe 104! Ein echter Hingucker, der die farbenfrohe Freude der Saison einf\u00e4ngt.<\/p>\n<p>Das Oberteil dieses entz\u00fcckenden Kleides besteht aus weichem Jersey mit einem verspielten Schmetterlingsmuster, w\u00e4hrend der Rockteil aus leichtem Musselin gefertigt ist, der mit jedem Schritt deines M\u00e4dchens sanft schwingt. Eine zarte Spitzenborte aus Baumwolle verleiht dem Kleid eine elegante Note.<\/p>\n<p>Dank des cleveren Raglanschnitts l\u00e4sst sich das Kleid wunderbar mit einem langen Shirt darunter kombinieren, ideal f\u00fcr k\u00fchle Tage oder einen stilvollen Lagenlook. Stelle dir vor, wie dein M\u00e4dchen in diesem Kleid durch bunte Bl\u00e4tter tanzt oder bei einem Familienfest alle Blicke auf sich zieht.<\/p>\n<p>Verpasse nicht die Gelegenheit, deiner Kleinen ein St\u00fcck Fr\u00fchlingszauber zu schenken. Dieses vielseitige und bezaubernde Kleid ist jetzt verf\u00fcgbar \u2013 perfekt f\u00fcr jeden Anlass, von Spielplatzabenteuern bis zu festlichen Zusammenk\u00fcnften. Kaufe es heute und bereite deinem M\u00e4dchen eine Freude, die so lebhaft ist wie der Fr\u00fchling selbst!<\/p>\n<p><em>Schnitt &#8222;Anni Kinderkleid&#8220; von firstloungeberlin.<\/em><\/p>\n<div style=\"width: 520px;\" class=\"wp-video\"><video class=\"wp-video-shortcode\" id=\"video-2936-1\" width=\"520\" height=\"1080\" preload=\"metadata\" controls=\"controls\"><source type=\"video\/mp4\" src=\"https:\/\/www.stoffwild.at\/wp-content\/uploads\/2024\/05\/schmetterlingskleid-video.mp4?_=1\" \/><a href=\"https:\/\/www.stoffwild.at\/wp-content\/uploads\/2024\/05\/schmetterlingskleid-video.mp4\">https:\/\/www.stoffwild.at\/wp-content\/uploads\/2024\/05\/schmetterlingskleid-video.mp4<\/a><\/video><\/div>\n","protected":false},"excerpt":{"rendered":"<p>Tolles M\u00e4dchenkleid in Gr. 104 mit zauberhaften Schmetterlingen<\/p>\n","protected":false},"featured_media":2204,"template":"","meta":{"_acf_changed":false},"product_brand":[1053],"product_cat":[38,49,18],"product_tag":[261,675,676,677,214,678,215,216,679,380,356,680,681],"class_list":{"0":"post-2936","1":"product","2":"type-product","3":"status-publish","4":"has-post-thumbnail","6":"product_brand-stoffwild","7":"product_cat-baby-kinder","8":"product_cat-kinderkleidung","9":"product_cat-uncategorised","10":"product_tag-batik","11":"product_tag-batikmuster","12":"product_tag-fruehlingskleid","13":"product_tag-kleid-aus-musselin","14":"product_tag-kleider","15":"product_tag-lagenlook","16":"product_tag-maedchen-kleid","17":"product_tag-musselin","18":"product_tag-musselinkleid","19":"product_tag-schmetterling","20":"product_tag-schmetterlinge","21":"product_tag-sommerkleid","22":"product_tag-spitzenborte","23":"product_shipping_class-standardversand","25":"first","26":"instock","27":"taxable","28":"shipping-taxable","29":"purchasable","30":"product-type-simple"},"acf":[],"_links":{"self":[{"href":"https:\/\/www.regionalis.shop\/stoffwild-handgemachte-mode\/wp-json\/wp\/v2\/product\/2936","targetHints":{"allow":["GET"]}}],"collection":[{"href":"https:\/\/www.regionalis.shop\/stoffwild-handgemachte-mode\/wp-json\/wp\/v2\/product"}],"about":[{"href":"https:\/\/www.regionalis.shop\/stoffwild-handgemachte-mode\/wp-json\/wp\/v2\/types\/product"}],"wp:featuredmedia":[{"embeddable":true,"href":"https:\/\/www.regionalis.shop\/stoffwild-handgemachte-mode\/wp-json\/wp\/v2\/media\/2204"}],"wp:attachment":[{"href":"https:\/\/www.regionalis.shop\/stoffwild-handgemachte-mode\/wp-json\/wp\/v2\/media?parent=2936"}],"wp:term":[{"taxonomy":"product_brand","embeddable":true,"href":"https:\/\/www.regionalis.shop\/stoffwild-handgemachte-mode\/wp-json\/wp\/v2\/product_brand?post=2936"},{"taxonomy":"product_cat","embeddable":true,"href":"https:\/\/www.regionalis.shop\/stoffwild-handgemachte-mode\/wp-json\/wp\/v2\/product_cat?post=2936"},{"taxonomy":"product_tag","embeddable":true,"href":"https:\/\/www.regionalis.shop\/stoffwild-handgemachte-mode\/wp-json\/wp\/v2\/product_tag?post=2936"}],"curies":[{"name":"wp","href":"https:\/\/api.w.org\/{rel}","templated":true}]}}