{"id":2938,"date":"2025-12-02T18:27:26","date_gmt":"2025-12-02T17:27:26","guid":{"rendered":"https:\/\/www.regionalis.shop\/stoffwild-handgemachte-mode\/?post_type=product&#038;p=2938"},"modified":"2025-12-02T18:39:36","modified_gmt":"2025-12-02T17:39:36","slug":"kurze-hose-african-animals-gr-110-116","status":"publish","type":"product","link":"https:\/\/www.regionalis.shop\/stoffwild-handgemachte-mode\/shop\/kurze-hose-african-animals-gr-110-116\/","title":{"rendered":"kurze Hose African Animals, Gr. 110\/116"},"content":{"rendered":"<p>Auf zum Abenteuer! Diese kurze Hose in Gr\u00f6\u00dfe 110\/116 mit tollen afrikanischen Tieren ist bereit f\u00fcr Spa\u00df unter der Sonne.<\/p>\n<p>Diese stylische Hose ist aus weichem, strapazierf\u00e4higem Jersey gefertigt, ideal f\u00fcr das aktive Spielen im Freien. Eine praktische seitliche Tasche bietet Platz f\u00fcr kleine Sch\u00e4tze, die auf Abenteuern gefunden werden.<\/p>\n<p>Stell dir die Freude deines Kindes vor, wenn es diese Hose tr\u00e4gt und stolz seine Fundst\u00fccke in der Tasche aufbewahrt. Die Hose ist nicht nur bequem und funktional, sondern auch mit einem charmanten Muster versehen, das sicher die Aufmerksamkeit aller auf sich ziehen wird.<\/p>\n<p>Lass diese Chance nicht entgehen! Diese bezaubernde kurze Hose ist ein perfekter Begleiter f\u00fcr warme Tage und zahlreiche Abenteuer. Bestelle jetzt, um deinem Kind eine Freude zu machen und seine Garderobe mit Stil zu bereichern!<\/p>\n<p><em>Schnitt &#8222;Estrella&#8220; von Engelinchen Design<\/em><\/p>\n","protected":false},"excerpt":{"rendered":"<p>Tolle kurze Hose mit afrikanischen Tieren in Gr. 110\/116<\/p>\n","protected":false},"featured_media":2226,"template":"","meta":{"_acf_changed":false},"product_brand":[1053],"product_cat":[38,49,18],"product_tag":[717,718,719,292,686,388,614,720,721,444],"class_list":{"0":"post-2938","1":"product","2":"type-product","3":"status-publish","4":"has-post-thumbnail","6":"product_brand-stoffwild","7":"product_cat-baby-kinder","8":"product_cat-kinderkleidung","9":"product_cat-uncategorised","10":"product_tag-110-116","11":"product_tag-afrika","12":"product_tag-afrikanische-tiere","13":"product_tag-bequeme-hose","14":"product_tag-coole-hose","15":"product_tag-kurze-hose","16":"product_tag-lustige-tiere","17":"product_tag-seitentasche","18":"product_tag-seitliche-tasche","19":"product_tag-sommerhose","20":"product_shipping_class-standardversand","22":"first","23":"instock","24":"taxable","25":"shipping-taxable","26":"purchasable","27":"product-type-simple"},"acf":[],"_links":{"self":[{"href":"https:\/\/www.regionalis.shop\/stoffwild-handgemachte-mode\/wp-json\/wp\/v2\/product\/2938","targetHints":{"allow":["GET"]}}],"collection":[{"href":"https:\/\/www.regionalis.shop\/stoffwild-handgemachte-mode\/wp-json\/wp\/v2\/product"}],"about":[{"href":"https:\/\/www.regionalis.shop\/stoffwild-handgemachte-mode\/wp-json\/wp\/v2\/types\/product"}],"wp:featuredmedia":[{"embeddable":true,"href":"https:\/\/www.regionalis.shop\/stoffwild-handgemachte-mode\/wp-json\/wp\/v2\/media\/2226"}],"wp:attachment":[{"href":"https:\/\/www.regionalis.shop\/stoffwild-handgemachte-mode\/wp-json\/wp\/v2\/media?parent=2938"}],"wp:term":[{"taxonomy":"product_brand","embeddable":true,"href":"https:\/\/www.regionalis.shop\/stoffwild-handgemachte-mode\/wp-json\/wp\/v2\/product_brand?post=2938"},{"taxonomy":"product_cat","embeddable":true,"href":"https:\/\/www.regionalis.shop\/stoffwild-handgemachte-mode\/wp-json\/wp\/v2\/product_cat?post=2938"},{"taxonomy":"product_tag","embeddable":true,"href":"https:\/\/www.regionalis.shop\/stoffwild-handgemachte-mode\/wp-json\/wp\/v2\/product_tag?post=2938"}],"curies":[{"name":"wp","href":"https:\/\/api.w.org\/{rel}","templated":true}]}}