{"id":1068,"date":"2025-04-18T10:37:57","date_gmt":"2025-04-18T08:37:57","guid":{"rendered":"https:\/\/www.regionalis.shop\/stonial\/product\/herz-aus-haaren-erinnerungsschmuck\/"},"modified":"2025-04-18T10:37:57","modified_gmt":"2025-04-18T08:37:57","slug":"herz-aus-haaren-erinnerungsschmuck","status":"publish","type":"product","link":"https:\/\/www.regionalis.shop\/stonial\/shop\/herz-aus-haaren-erinnerungsschmuck\/","title":{"rendered":"Herz aus Haaren Erinnerungsschmuck"},"content":{"rendered":"<p>Eleganter Anh\u00e4nger mit Perlmutt Hintergrund und einem Herz geformt aus Haaren.<\/p>\n<p>Es k\u00f6nnen entweder nur Haare von einem Kind oder von 2 Kindern zu einem Herz verarbeitet werden.<\/p>\n<p>Die Fassung ist aus 925 Silber und entweder 18 Karat Ros\u00e9 Gold plattiert oder 24 Karat gold plattiert und hat einen Durchmesser von 1,8 cm<\/p>\n<p>Bitte schreib bei einer Bestellung ins Kommentar welche Farbe du m\u00f6chtest.<\/p>\n<p>Ich brauche hierf\u00fcr eine kleine Haarstr\u00e4hne ideal w\u00e4ren ca 2-3 cm L\u00e4nge,bitte kein durcheinander sondern eine sch\u00f6ne geb\u00fcndelte Str\u00e4hne da sonst das Herz nicht mehr geformt werden kann.<\/p>\n<p>die Haare schickst Du in Alufolie eingefaltet damit sie nicht statisch sind<\/p>\n<p>an diese Adresse :<\/p>\n<p>Steinberger Alexandra<br \/>\nTuffeltsham 89<br \/>\n4846 Redlham<br \/>\n\u00d6sterreich<\/p>\n","protected":false},"excerpt":{"rendered":"<p>Eleganter Anh\u00e4nger mit Perlmutt Hintergrund und einem Herz geformt aus Haaren. Es k\u00f6nnen entweder nur Haare von einem Kind oder von 2 Kindern zu einem Herz verarbeitet werden. Die Fassung ist aus 925 Silber und entweder 18 Karat Ros\u00e9 Gold plattiert oder 24 Karat gold plattiert und hat einen Durchmesser von 1,8 cm Bitte schreib &hellip; <a href=\"https:\/\/www.regionalis.shop\/stonial\/shop\/herz-aus-haaren-erinnerungsschmuck\/\">Continued<\/a><\/p>\n","protected":false},"featured_media":1069,"template":"","meta":{"_acf_changed":false},"product_brand":[],"product_cat":[38,80],"product_tag":[],"class_list":{"0":"post-1068","1":"product","2":"type-product","3":"status-publish","4":"has-post-thumbnail","6":"product_cat-baby-kinder","7":"product_cat-sonstiges-baby-kinder","9":"first","10":"instock","11":"purchasable","12":"product-type-simple"},"acf":[],"_links":{"self":[{"href":"https:\/\/www.regionalis.shop\/stonial\/wp-json\/wp\/v2\/product\/1068","targetHints":{"allow":["GET"]}}],"collection":[{"href":"https:\/\/www.regionalis.shop\/stonial\/wp-json\/wp\/v2\/product"}],"about":[{"href":"https:\/\/www.regionalis.shop\/stonial\/wp-json\/wp\/v2\/types\/product"}],"wp:featuredmedia":[{"embeddable":true,"href":"https:\/\/www.regionalis.shop\/stonial\/wp-json\/wp\/v2\/media\/1069"}],"wp:attachment":[{"href":"https:\/\/www.regionalis.shop\/stonial\/wp-json\/wp\/v2\/media?parent=1068"}],"wp:term":[{"taxonomy":"product_brand","embeddable":true,"href":"https:\/\/www.regionalis.shop\/stonial\/wp-json\/wp\/v2\/product_brand?post=1068"},{"taxonomy":"product_cat","embeddable":true,"href":"https:\/\/www.regionalis.shop\/stonial\/wp-json\/wp\/v2\/product_cat?post=1068"},{"taxonomy":"product_tag","embeddable":true,"href":"https:\/\/www.regionalis.shop\/stonial\/wp-json\/wp\/v2\/product_tag?post=1068"}],"curies":[{"name":"wp","href":"https:\/\/api.w.org\/{rel}","templated":true}]}}