{"id":1059,"date":"2025-04-18T03:17:01","date_gmt":"2025-04-18T01:17:01","guid":{"rendered":"https:\/\/www.regionalis.shop\/susansart\/product\/topfuntersetzer\/"},"modified":"2025-04-18T03:17:01","modified_gmt":"2025-04-18T01:17:01","slug":"topfuntersetzer","status":"publish","type":"product","link":"https:\/\/www.regionalis.shop\/susansart\/shop\/topfuntersetzer\/","title":{"rendered":"Topfuntersetzer"},"content":{"rendered":"<p>Was auf den ersten Blick, wie eine h\u00fcbsche Wanddekoration  anmutet, ist auf den 2. Blick ein h\u00fcbscher Topfuntersetzer. Fast zu schade f\u00fcr diese Nutzung&#8230;&#8230;<\/p>\n","protected":false},"excerpt":{"rendered":"<p>Was auf den ersten Blick, wie eine h\u00fcbsche Wanddekoration anmutet, ist auf den 2. Blick ein h\u00fcbscher Topfuntersetzer. Fast zu schade f\u00fcr diese Nutzung&#8230;&#8230;<\/p>\n","protected":false},"featured_media":1060,"template":"","meta":{"_acf_changed":false},"product_brand":[],"product_cat":[174,103],"product_tag":[],"class_list":{"0":"post-1059","1":"product","2":"type-product","3":"status-publish","4":"has-post-thumbnail","6":"product_cat-wohndekoration","7":"product_cat-wohnen-deko","9":"first","10":"instock","11":"purchasable","12":"product-type-simple"},"acf":[],"_links":{"self":[{"href":"https:\/\/www.regionalis.shop\/susansart\/wp-json\/wp\/v2\/product\/1059","targetHints":{"allow":["GET"]}}],"collection":[{"href":"https:\/\/www.regionalis.shop\/susansart\/wp-json\/wp\/v2\/product"}],"about":[{"href":"https:\/\/www.regionalis.shop\/susansart\/wp-json\/wp\/v2\/types\/product"}],"wp:featuredmedia":[{"embeddable":true,"href":"https:\/\/www.regionalis.shop\/susansart\/wp-json\/wp\/v2\/media\/1060"}],"wp:attachment":[{"href":"https:\/\/www.regionalis.shop\/susansart\/wp-json\/wp\/v2\/media?parent=1059"}],"wp:term":[{"taxonomy":"product_brand","embeddable":true,"href":"https:\/\/www.regionalis.shop\/susansart\/wp-json\/wp\/v2\/product_brand?post=1059"},{"taxonomy":"product_cat","embeddable":true,"href":"https:\/\/www.regionalis.shop\/susansart\/wp-json\/wp\/v2\/product_cat?post=1059"},{"taxonomy":"product_tag","embeddable":true,"href":"https:\/\/www.regionalis.shop\/susansart\/wp-json\/wp\/v2\/product_tag?post=1059"}],"curies":[{"name":"wp","href":"https:\/\/api.w.org\/{rel}","templated":true}]}}