{"id":1069,"date":"2025-04-18T07:54:39","date_gmt":"2025-04-18T05:54:39","guid":{"rendered":"https:\/\/www.regionalis.shop\/tanja-illustrationen\/product\/busenfreundin-karte-a6-quer\/"},"modified":"2025-04-18T07:54:39","modified_gmt":"2025-04-18T05:54:39","slug":"busenfreundin-karte-a6-quer","status":"publish","type":"product","link":"https:\/\/www.regionalis.shop\/tanja-illustrationen\/shop\/busenfreundin-karte-a6-quer\/","title":{"rendered":"Busenfreundin Karte A6 quer"},"content":{"rendered":"<p>Perfekte Gru\u00dfkarte f\u00fcr deinen Busenfreund, deine Busenfreundin.<br \/>\nBestygeschenk oder f\u00fcr die l\u00e4ngst \u00fcberf\u00e4llige Liebeserkl\u00e4rung an deinen Lieblingsmensch. Wer freut sich heutzutage nicht \u00fcber Nettigkeiten aus dem echten Briefkasten.<\/p>\n<p>Pastellregenbogen Busen Illustration<br \/>\ngedruckt auf Postkartenkarton 260 g<\/p>\n<p>Schreib mal wieder einem lieben Menschen!<\/p>\n","protected":false},"excerpt":{"rendered":"<p>Perfekte Gru\u00dfkarte f\u00fcr deinen Busenfreund, deine Busenfreundin. Bestygeschenk oder f\u00fcr die l\u00e4ngst \u00fcberf\u00e4llige Liebeserkl\u00e4rung an deinen Lieblingsmensch. Wer freut sich heutzutage nicht \u00fcber Nettigkeiten aus dem echten Briefkasten. Pastellregenbogen Busen Illustration gedruckt auf Postkartenkarton 260 g Schreib mal wieder einem lieben Menschen!<\/p>\n","protected":false},"featured_media":1070,"template":"","meta":{"_acf_changed":false},"product_brand":[],"product_cat":[134,62],"product_tag":[],"class_list":{"0":"post-1069","1":"product","2":"type-product","3":"status-publish","4":"has-post-thumbnail","6":"product_cat-geschenk-gruskarten","7":"product_cat-papeterie-schreibwaren","9":"first","10":"instock","11":"purchasable","12":"product-type-simple"},"acf":[],"_links":{"self":[{"href":"https:\/\/www.regionalis.shop\/tanja-illustrationen\/wp-json\/wp\/v2\/product\/1069","targetHints":{"allow":["GET"]}}],"collection":[{"href":"https:\/\/www.regionalis.shop\/tanja-illustrationen\/wp-json\/wp\/v2\/product"}],"about":[{"href":"https:\/\/www.regionalis.shop\/tanja-illustrationen\/wp-json\/wp\/v2\/types\/product"}],"wp:featuredmedia":[{"embeddable":true,"href":"https:\/\/www.regionalis.shop\/tanja-illustrationen\/wp-json\/wp\/v2\/media\/1070"}],"wp:attachment":[{"href":"https:\/\/www.regionalis.shop\/tanja-illustrationen\/wp-json\/wp\/v2\/media?parent=1069"}],"wp:term":[{"taxonomy":"product_brand","embeddable":true,"href":"https:\/\/www.regionalis.shop\/tanja-illustrationen\/wp-json\/wp\/v2\/product_brand?post=1069"},{"taxonomy":"product_cat","embeddable":true,"href":"https:\/\/www.regionalis.shop\/tanja-illustrationen\/wp-json\/wp\/v2\/product_cat?post=1069"},{"taxonomy":"product_tag","embeddable":true,"href":"https:\/\/www.regionalis.shop\/tanja-illustrationen\/wp-json\/wp\/v2\/product_tag?post=1069"}],"curies":[{"name":"wp","href":"https:\/\/api.w.org\/{rel}","templated":true}]}}