{"id":1056,"date":"2025-04-28T04:04:58","date_gmt":"2025-04-28T02:04:58","guid":{"rendered":"https:\/\/www.regionalis.shop\/traumtaschen\/product\/katzendame-schmink-und-kulturtaeschchen\/"},"modified":"2025-04-28T04:04:58","modified_gmt":"2025-04-28T02:04:58","slug":"katzendame-schmink-und-kulturtaeschchen","status":"publish","type":"product","link":"https:\/\/www.regionalis.shop\/traumtaschen\/shop\/katzendame-schmink-und-kulturtaeschchen\/","title":{"rendered":"Katzendame- Schmink- und Kulturt\u00e4schchen"},"content":{"rendered":"<p>Praktisch f\u00fcr alle Angelegenheiten.<br \/>\nTasche findet viele sinnvolle Anwendungen. F\u00fcr zu Hause oder unterwegs&#8230; immer richtig!<\/p>\n<p> Das Muster ist sehr lebhaft, es kann etwas vom Bild abweichen.<\/p>\n<p>schwarze Katze auf beigen Grund, verspielt mit einem roten Wollkn\u00e4uel.<\/p>\n<p>Kombiniert mit rot und schwarz-wei\u00df, sehr apart, mit einer Schmettrelingsborte und einer zarten Zierspitze, das ist die neue Katzentasche<\/p>\n<p>Wei\u00dfe Punkte auf schwarzen Grund am Innenfutter, einem Zipp und einer kleinen Schlaufe ist das T\u00e4schchen ein praktisches Geschenk f\u00fcr alle Gelegenheiten.<\/p>\n<p>mit Volumenvlies verst\u00e4rkt.<\/p>\n<p>ca. 24 cm breit, 13 cm hoch und Bodentiefe ca. 7 cm<\/p>\n","protected":false},"excerpt":{"rendered":"<p>Praktisch f\u00fcr alle Angelegenheiten. Tasche findet viele sinnvolle Anwendungen. F\u00fcr zu Hause oder unterwegs&#8230; immer richtig! Das Muster ist sehr lebhaft, es kann etwas vom Bild abweichen. schwarze Katze auf beigen Grund, verspielt mit einem roten Wollkn\u00e4uel. Kombiniert mit rot und schwarz-wei\u00df, sehr apart, mit einer Schmettrelingsborte und einer zarten Zierspitze, das ist die neue &hellip; <a href=\"https:\/\/www.regionalis.shop\/traumtaschen\/shop\/katzendame-schmink-und-kulturtaeschchen\/\">Continued<\/a><\/p>\n","protected":false},"featured_media":1057,"template":"","meta":{"_acf_changed":false},"product_brand":[],"product_cat":[155,95],"product_tag":[],"class_list":{"0":"post-1056","1":"product","2":"type-product","3":"status-publish","4":"has-post-thumbnail","6":"product_cat-kosmetiktaschen","7":"product_cat-taschen","9":"first","10":"instock","11":"purchasable","12":"product-type-simple"},"acf":[],"_links":{"self":[{"href":"https:\/\/www.regionalis.shop\/traumtaschen\/wp-json\/wp\/v2\/product\/1056","targetHints":{"allow":["GET"]}}],"collection":[{"href":"https:\/\/www.regionalis.shop\/traumtaschen\/wp-json\/wp\/v2\/product"}],"about":[{"href":"https:\/\/www.regionalis.shop\/traumtaschen\/wp-json\/wp\/v2\/types\/product"}],"wp:featuredmedia":[{"embeddable":true,"href":"https:\/\/www.regionalis.shop\/traumtaschen\/wp-json\/wp\/v2\/media\/1057"}],"wp:attachment":[{"href":"https:\/\/www.regionalis.shop\/traumtaschen\/wp-json\/wp\/v2\/media?parent=1056"}],"wp:term":[{"taxonomy":"product_brand","embeddable":true,"href":"https:\/\/www.regionalis.shop\/traumtaschen\/wp-json\/wp\/v2\/product_brand?post=1056"},{"taxonomy":"product_cat","embeddable":true,"href":"https:\/\/www.regionalis.shop\/traumtaschen\/wp-json\/wp\/v2\/product_cat?post=1056"},{"taxonomy":"product_tag","embeddable":true,"href":"https:\/\/www.regionalis.shop\/traumtaschen\/wp-json\/wp\/v2\/product_tag?post=1056"}],"curies":[{"name":"wp","href":"https:\/\/api.w.org\/{rel}","templated":true}]}}