{"id":1061,"date":"2025-04-18T02:34:47","date_gmt":"2025-04-18T00:34:47","guid":{"rendered":"https:\/\/www.regionalis.shop\/true-flawsome\/product\/utensilo-gehaekelt-large\/"},"modified":"2025-04-18T02:34:47","modified_gmt":"2025-04-18T00:34:47","slug":"utensilo-gehaekelt-large","status":"publish","type":"product","link":"https:\/\/www.regionalis.shop\/true-flawsome\/shop\/utensilo-gehaekelt-large\/","title":{"rendered":"UTENSILO GEH\u00c4KELT #LARGE"},"content":{"rendered":"<p>Gr\u00f6\u00dfe: ca. 29 x 14 cm<br \/>\nMaterial: 100% recycelte Baumwolle und Polyesterkern<\/p>\n<p>Hinweis: Ich unterliege der Kleinunternehmerregelung und bin daher unecht steuerbefreit.<\/p>\n","protected":false},"excerpt":{"rendered":"<p>Gr\u00f6\u00dfe: ca. 29 x 14 cm Material: 100% recycelte Baumwolle und Polyesterkern Hinweis: Ich unterliege der Kleinunternehmerregelung und bin daher unecht steuerbefreit.<\/p>\n","protected":false},"featured_media":1062,"template":"","meta":{"_acf_changed":false},"product_brand":[],"product_cat":[174,103],"product_tag":[],"class_list":{"0":"post-1061","1":"product","2":"type-product","3":"status-publish","4":"has-post-thumbnail","6":"product_cat-wohndekoration","7":"product_cat-wohnen-deko","9":"first","10":"instock","11":"purchasable","12":"product-type-simple"},"acf":[],"_links":{"self":[{"href":"https:\/\/www.regionalis.shop\/true-flawsome\/wp-json\/wp\/v2\/product\/1061","targetHints":{"allow":["GET"]}}],"collection":[{"href":"https:\/\/www.regionalis.shop\/true-flawsome\/wp-json\/wp\/v2\/product"}],"about":[{"href":"https:\/\/www.regionalis.shop\/true-flawsome\/wp-json\/wp\/v2\/types\/product"}],"wp:featuredmedia":[{"embeddable":true,"href":"https:\/\/www.regionalis.shop\/true-flawsome\/wp-json\/wp\/v2\/media\/1062"}],"wp:attachment":[{"href":"https:\/\/www.regionalis.shop\/true-flawsome\/wp-json\/wp\/v2\/media?parent=1061"}],"wp:term":[{"taxonomy":"product_brand","embeddable":true,"href":"https:\/\/www.regionalis.shop\/true-flawsome\/wp-json\/wp\/v2\/product_brand?post=1061"},{"taxonomy":"product_cat","embeddable":true,"href":"https:\/\/www.regionalis.shop\/true-flawsome\/wp-json\/wp\/v2\/product_cat?post=1061"},{"taxonomy":"product_tag","embeddable":true,"href":"https:\/\/www.regionalis.shop\/true-flawsome\/wp-json\/wp\/v2\/product_tag?post=1061"}],"curies":[{"name":"wp","href":"https:\/\/api.w.org\/{rel}","templated":true}]}}