{"id":1064,"date":"2025-04-18T02:34:47","date_gmt":"2025-04-18T00:34:47","guid":{"rendered":"https:\/\/www.regionalis.shop\/true-flawsome\/product\/bio-spuelschwamm-medium\/"},"modified":"2025-04-18T02:34:47","modified_gmt":"2025-04-18T00:34:47","slug":"bio-spuelschwamm-medium","status":"publish","type":"product","link":"https:\/\/www.regionalis.shop\/true-flawsome\/shop\/bio-spuelschwamm-medium\/","title":{"rendered":"BIO SP\u00dcLSCHWAMM #MEDIUM"},"content":{"rendered":"<p>BESCHREIBUNG<br \/>\nPlastik geht dir auf die Nerven? Mir auch!<\/p>\n<p>Meine Sp\u00fclschw\u00e4mme werden in liebevoller Handarbeit von mir im L\u00e4ndle (Vorarlberg, \u00d6sterreich) gefertigt, um dir eine M\u00f6glichkeit zu bieten, umweltfreundlichere Alternativen zu Plastiksp\u00fclschw\u00e4mmen zu kaufen.<\/p>\n<p>Du kannst den waschbaren Bio Sp\u00fclschwamm #medium dazu verwenden, deinen ganz normalen Abwasch zu bew\u00e4ltigen. Nutze die Hanf-Seite um hartn\u00e4ckigen Essensresten den Kampf anzusagen!<\/p>\n<p>Pflegehinweis: Wringe den Bio Sp\u00fclschwamm nach jedem Gebrauch aus und h\u00e4nge ihn auf. Wenn es Zeit f\u00fcr einen Waschgang wird, kannst du ihn in einem W\u00e4schenetz bei bis zu 60\u00b0 in der Waschmaschine waschen.<\/p>\n<p>Verpackung: Besteht zu 40% aus Gras aus Brachfl\u00e4chen in Deutschland.<\/p>\n<p>#Achtung: Etwaige Verf\u00e4rbungen des Sp\u00fclschwammes k\u00f6nnen entstehen.<\/p>\n<p>Hinweis: Ich unterliege der Kleinunternehmerregelung und bin daher unecht steuerbefreit.<\/p>\n","protected":false},"excerpt":{"rendered":"<p>BESCHREIBUNG Plastik geht dir auf die Nerven? Mir auch! Meine Sp\u00fclschw\u00e4mme werden in liebevoller Handarbeit von mir im L\u00e4ndle (Vorarlberg, \u00d6sterreich) gefertigt, um dir eine M\u00f6glichkeit zu bieten, umweltfreundlichere Alternativen zu Plastiksp\u00fclschw\u00e4mmen zu kaufen. Du kannst den waschbaren Bio Sp\u00fclschwamm #medium dazu verwenden, deinen ganz normalen Abwasch zu bew\u00e4ltigen. Nutze die Hanf-Seite um hartn\u00e4ckigen Essensresten &hellip; <a href=\"https:\/\/www.regionalis.shop\/true-flawsome\/shop\/bio-spuelschwamm-medium\/\">Continued<\/a><\/p>\n","protected":false},"featured_media":1065,"template":"","meta":{"_acf_changed":false},"product_brand":[],"product_cat":[160,103],"product_tag":[],"class_list":{"0":"post-1064","1":"product","2":"type-product","3":"status-publish","4":"has-post-thumbnail","6":"product_cat-nachhaltiger-haushalt","7":"product_cat-wohnen-deko","9":"first","10":"instock","11":"purchasable","12":"product-type-simple"},"acf":[],"_links":{"self":[{"href":"https:\/\/www.regionalis.shop\/true-flawsome\/wp-json\/wp\/v2\/product\/1064","targetHints":{"allow":["GET"]}}],"collection":[{"href":"https:\/\/www.regionalis.shop\/true-flawsome\/wp-json\/wp\/v2\/product"}],"about":[{"href":"https:\/\/www.regionalis.shop\/true-flawsome\/wp-json\/wp\/v2\/types\/product"}],"wp:featuredmedia":[{"embeddable":true,"href":"https:\/\/www.regionalis.shop\/true-flawsome\/wp-json\/wp\/v2\/media\/1065"}],"wp:attachment":[{"href":"https:\/\/www.regionalis.shop\/true-flawsome\/wp-json\/wp\/v2\/media?parent=1064"}],"wp:term":[{"taxonomy":"product_brand","embeddable":true,"href":"https:\/\/www.regionalis.shop\/true-flawsome\/wp-json\/wp\/v2\/product_brand?post=1064"},{"taxonomy":"product_cat","embeddable":true,"href":"https:\/\/www.regionalis.shop\/true-flawsome\/wp-json\/wp\/v2\/product_cat?post=1064"},{"taxonomy":"product_tag","embeddable":true,"href":"https:\/\/www.regionalis.shop\/true-flawsome\/wp-json\/wp\/v2\/product_tag?post=1064"}],"curies":[{"name":"wp","href":"https:\/\/api.w.org\/{rel}","templated":true}]}}