{"id":1156,"date":"2025-04-18T08:50:11","date_gmt":"2025-04-18T06:50:11","guid":{"rendered":"https:\/\/www.regionalis.shop\/urban-prey\/product\/lasergravierter-bleistift-mit-unserem-design\/"},"modified":"2025-04-18T08:50:11","modified_gmt":"2025-04-18T06:50:11","slug":"lasergravierter-bleistift-mit-unserem-design","status":"publish","type":"product","link":"https:\/\/www.regionalis.shop\/urban-prey\/shop\/lasergravierter-bleistift-mit-unserem-design\/","title":{"rendered":"Lasergravierter Bleistift mit unserem Design"},"content":{"rendered":"<p>Lasergravierter Bleistift mit unserem Design, St\u00fcckzahl und Design aus der \u00dcbersicht w\u00e4hlbar (bitte jeweils Nummer aus der \u00dcbersicht und gew\u00fcnschte Anzahl bekanntgeben).<br \/>\nBitte beachte, unsere Bleistifte sind nicht personalisierbar!<br \/>\nHB, 18 cm L\u00e4nge.<\/p>\n<p>Staffelpreise (je St\u00fcck):<br \/>\n1-5 Bleistifte: je 2,00<br \/>\n6-9 Bleistifte: je 1,80<br \/>\nab 10 Bleistifte: je 1,50<\/p>\n<p>Die Designs sind jeweils passend zu unseren Notizb\u00fcchern, ebenfalls in unserem Shop erh\u00e4ltlich.<\/p>\n","protected":false},"excerpt":{"rendered":"<p>Lasergravierter Bleistift mit unserem Design, St\u00fcckzahl und Design aus der \u00dcbersicht w\u00e4hlbar (bitte jeweils Nummer aus der \u00dcbersicht und gew\u00fcnschte Anzahl bekanntgeben). Bitte beachte, unsere Bleistifte sind nicht personalisierbar! HB, 18 cm L\u00e4nge. Staffelpreise (je St\u00fcck): 1-5 Bleistifte: je 2,00 6-9 Bleistifte: je 1,80 ab 10 Bleistifte: je 1,50 Die Designs sind jeweils passend zu &hellip; <a href=\"https:\/\/www.regionalis.shop\/urban-prey\/shop\/lasergravierter-bleistift-mit-unserem-design\/\">Continued<\/a><\/p>\n","protected":false},"featured_media":1157,"template":"","meta":{"_acf_changed":false},"product_brand":[],"product_cat":[62,72],"product_tag":[],"class_list":{"0":"post-1156","1":"product","2":"type-product","3":"status-publish","4":"has-post-thumbnail","6":"product_cat-papeterie-schreibwaren","7":"product_cat-schreibwaren","9":"first","10":"instock","11":"purchasable","12":"product-type-simple"},"acf":[],"_links":{"self":[{"href":"https:\/\/www.regionalis.shop\/urban-prey\/wp-json\/wp\/v2\/product\/1156","targetHints":{"allow":["GET"]}}],"collection":[{"href":"https:\/\/www.regionalis.shop\/urban-prey\/wp-json\/wp\/v2\/product"}],"about":[{"href":"https:\/\/www.regionalis.shop\/urban-prey\/wp-json\/wp\/v2\/types\/product"}],"wp:featuredmedia":[{"embeddable":true,"href":"https:\/\/www.regionalis.shop\/urban-prey\/wp-json\/wp\/v2\/media\/1157"}],"wp:attachment":[{"href":"https:\/\/www.regionalis.shop\/urban-prey\/wp-json\/wp\/v2\/media?parent=1156"}],"wp:term":[{"taxonomy":"product_brand","embeddable":true,"href":"https:\/\/www.regionalis.shop\/urban-prey\/wp-json\/wp\/v2\/product_brand?post=1156"},{"taxonomy":"product_cat","embeddable":true,"href":"https:\/\/www.regionalis.shop\/urban-prey\/wp-json\/wp\/v2\/product_cat?post=1156"},{"taxonomy":"product_tag","embeddable":true,"href":"https:\/\/www.regionalis.shop\/urban-prey\/wp-json\/wp\/v2\/product_tag?post=1156"}],"curies":[{"name":"wp","href":"https:\/\/api.w.org\/{rel}","templated":true}]}}