{"id":1241,"date":"2025-04-18T00:01:10","date_gmt":"2025-04-17T22:01:10","guid":{"rendered":"https:\/\/www.regionalis.shop\/urban-prey\/product\/4-mottensaeckchen-mit-bio-lavendel-roter-druck\/"},"modified":"2025-04-18T00:01:10","modified_gmt":"2025-04-17T22:01:10","slug":"4-mottensaeckchen-mit-bio-lavendel-roter-druck","status":"publish","type":"product","link":"https:\/\/www.regionalis.shop\/urban-prey\/shop\/4-mottensaeckchen-mit-bio-lavendel-roter-druck\/","title":{"rendered":"4 Mottens\u00e4ckchen mit Bio-Lavendel, roter Druck"},"content":{"rendered":"<p>Material: 100% ungebleichte Baumwolle, von Hand mit unseren eigenen Motiven mit umweltfreundlicher wasserbasierter Siebdruckfarbe bedruckt und  dann gen\u00e4ht<br \/>\n Gr\u00f6\u00dfe: je 10 cm x 6.5 cm<br \/>\n Gef\u00fcllt mit insgesamt ca 50g Bio-Lavendel<\/p>\n<p>Du erh\u00e4ltst 4 Mottens\u00e4ckchen, auf Vorder- und R\u00fcckseite mit insgesamt 8 Film-Motiven bedruckt:<br \/>\n#1: 12 Moths \/ Mothspotting (90er Jahre)<br \/>\n#2: Mothferatu \/ Night of the Living Moth (Horrorfilme)<br \/>\n#3: Moth by Mothwest \/ Dial M for Moth (Filme von Hitchcock)<br \/>\n#4: Anatomy of a Moth \/ Mothfather (Filmklassiker)<\/p>\n<p>In unserem Shop in violett, rot, gr\u00fcn oder blau erh\u00e4ltlich.<\/p>\n","protected":false},"excerpt":{"rendered":"<p>Material: 100% ungebleichte Baumwolle, von Hand mit unseren eigenen Motiven mit umweltfreundlicher wasserbasierter Siebdruckfarbe bedruckt und dann gen\u00e4ht Gr\u00f6\u00dfe: je 10 cm x 6.5 cm Gef\u00fcllt mit insgesamt ca 50g Bio-Lavendel Du erh\u00e4ltst 4 Mottens\u00e4ckchen, auf Vorder- und R\u00fcckseite mit insgesamt 8 Film-Motiven bedruckt: #1: 12 Moths \/ Mothspotting (90er Jahre) #2: Mothferatu \/ Night &hellip; <a href=\"https:\/\/www.regionalis.shop\/urban-prey\/shop\/4-mottensaeckchen-mit-bio-lavendel-roter-druck\/\">Continued<\/a><\/p>\n","protected":false},"featured_media":1242,"template":"","meta":{"_acf_changed":false},"product_brand":[],"product_cat":[160,103],"product_tag":[],"class_list":{"0":"post-1241","1":"product","2":"type-product","3":"status-publish","4":"has-post-thumbnail","6":"product_cat-nachhaltiger-haushalt","7":"product_cat-wohnen-deko","9":"first","10":"instock","11":"purchasable","12":"product-type-simple"},"acf":[],"_links":{"self":[{"href":"https:\/\/www.regionalis.shop\/urban-prey\/wp-json\/wp\/v2\/product\/1241","targetHints":{"allow":["GET"]}}],"collection":[{"href":"https:\/\/www.regionalis.shop\/urban-prey\/wp-json\/wp\/v2\/product"}],"about":[{"href":"https:\/\/www.regionalis.shop\/urban-prey\/wp-json\/wp\/v2\/types\/product"}],"wp:featuredmedia":[{"embeddable":true,"href":"https:\/\/www.regionalis.shop\/urban-prey\/wp-json\/wp\/v2\/media\/1242"}],"wp:attachment":[{"href":"https:\/\/www.regionalis.shop\/urban-prey\/wp-json\/wp\/v2\/media?parent=1241"}],"wp:term":[{"taxonomy":"product_brand","embeddable":true,"href":"https:\/\/www.regionalis.shop\/urban-prey\/wp-json\/wp\/v2\/product_brand?post=1241"},{"taxonomy":"product_cat","embeddable":true,"href":"https:\/\/www.regionalis.shop\/urban-prey\/wp-json\/wp\/v2\/product_cat?post=1241"},{"taxonomy":"product_tag","embeddable":true,"href":"https:\/\/www.regionalis.shop\/urban-prey\/wp-json\/wp\/v2\/product_tag?post=1241"}],"curies":[{"name":"wp","href":"https:\/\/api.w.org\/{rel}","templated":true}]}}