{"id":1077,"date":"2025-04-18T08:04:13","date_gmt":"2025-04-18T06:04:13","guid":{"rendered":"https:\/\/www.regionalis.shop\/uschis-naturwerkstatt\/product\/zirbenkatze-minki\/"},"modified":"2025-04-18T08:04:13","modified_gmt":"2025-04-18T06:04:13","slug":"zirbenkatze-minki","status":"publish","type":"product","link":"https:\/\/www.regionalis.shop\/uschis-naturwerkstatt\/shop\/zirbenkatze-minki\/","title":{"rendered":"*Zirbenkatze &#8222;Minki&#8220;*"},"content":{"rendered":"<p>Die Zirbenkatze \u201eMinki\u201c ist nicht nur s\u00fc\u00df anzusehen. Sie verstr\u00f6mt auch einen wunderbaren Zirbenduft.  Da sie mit entstaubten Zirbenflocken und Bio-Dinkelspelzen gef\u00fcllt ist, kann sie deinem Kind auch zu einem besseren Schlaf verhelfen.<\/p>\n<p>Am besten stellst du die Katze neben das Kopfkissen deines kleinen Lieblings. So kann dein Kind das Kuschelk\u00e4tzchen gut sehen und seinen herrlichen Duft aufnehmen.<\/p>\n<p>Stoff: 100 % Baumwolle, 1 x vorgewaschen<\/p>\n<p>Ma\u00dfe: ca. 20 x 20  cm<\/p>\n","protected":false},"excerpt":{"rendered":"<p>Die Zirbenkatze \u201eMinki\u201c ist nicht nur s\u00fc\u00df anzusehen. Sie verstr\u00f6mt auch einen wunderbaren Zirbenduft. Da sie mit entstaubten Zirbenflocken und Bio-Dinkelspelzen gef\u00fcllt ist, kann sie deinem Kind auch zu einem besseren Schlaf verhelfen. Am besten stellst du die Katze neben das Kopfkissen deines kleinen Lieblings. So kann dein Kind das Kuschelk\u00e4tzchen gut sehen und seinen &hellip; <a href=\"https:\/\/www.regionalis.shop\/uschis-naturwerkstatt\/shop\/zirbenkatze-minki\/\">Continued<\/a><\/p>\n","protected":false},"featured_media":1078,"template":"","meta":{"_acf_changed":false},"product_brand":[],"product_cat":[38,80],"product_tag":[],"class_list":{"0":"post-1077","1":"product","2":"type-product","3":"status-publish","4":"has-post-thumbnail","6":"product_cat-baby-kinder","7":"product_cat-sonstiges-baby-kinder","9":"first","10":"instock","11":"purchasable","12":"product-type-simple"},"acf":[],"_links":{"self":[{"href":"https:\/\/www.regionalis.shop\/uschis-naturwerkstatt\/wp-json\/wp\/v2\/product\/1077","targetHints":{"allow":["GET"]}}],"collection":[{"href":"https:\/\/www.regionalis.shop\/uschis-naturwerkstatt\/wp-json\/wp\/v2\/product"}],"about":[{"href":"https:\/\/www.regionalis.shop\/uschis-naturwerkstatt\/wp-json\/wp\/v2\/types\/product"}],"wp:featuredmedia":[{"embeddable":true,"href":"https:\/\/www.regionalis.shop\/uschis-naturwerkstatt\/wp-json\/wp\/v2\/media\/1078"}],"wp:attachment":[{"href":"https:\/\/www.regionalis.shop\/uschis-naturwerkstatt\/wp-json\/wp\/v2\/media?parent=1077"}],"wp:term":[{"taxonomy":"product_brand","embeddable":true,"href":"https:\/\/www.regionalis.shop\/uschis-naturwerkstatt\/wp-json\/wp\/v2\/product_brand?post=1077"},{"taxonomy":"product_cat","embeddable":true,"href":"https:\/\/www.regionalis.shop\/uschis-naturwerkstatt\/wp-json\/wp\/v2\/product_cat?post=1077"},{"taxonomy":"product_tag","embeddable":true,"href":"https:\/\/www.regionalis.shop\/uschis-naturwerkstatt\/wp-json\/wp\/v2\/product_tag?post=1077"}],"curies":[{"name":"wp","href":"https:\/\/api.w.org\/{rel}","templated":true}]}}