{"id":1172,"date":"2025-04-18T01:34:46","date_gmt":"2025-04-17T23:34:46","guid":{"rendered":"https:\/\/www.regionalis.shop\/uschis-naturwerkstatt\/product\/duftendes-geldgeschenk-secret3\/"},"modified":"2025-04-18T01:34:46","modified_gmt":"2025-04-17T23:34:46","slug":"duftendes-geldgeschenk-secret3","status":"publish","type":"product","link":"https:\/\/www.regionalis.shop\/uschis-naturwerkstatt\/shop\/duftendes-geldgeschenk-secret3\/","title":{"rendered":"*Duftendes Geldgeschenk&#8220; \/ Secret3"},"content":{"rendered":"<p>Diese &#8211;Duftkissen haben ein kleines Einschubfach&#8211;, einen Gutschein oder Geldscheine stecken kannst.<\/p>\n<p>Das ist viel pers\u00f6nlicher, als wenn du das Geld nur in einen Umschlag \u00fcberreichst.<\/p>\n<p>Diese kleinen P\u00f6lster duften wunderbar, da sie mit Zirbenflocken und Rosenbl\u00fcten gef\u00fcllt sind. <\/p>\n<p>F\u00fcr die R\u00fcckseite habe ich einen edlen schwarzen Stoff mit Katzenmotiven gew\u00e4hlt.<\/p>\n<p>Ma\u00dfe der Kissen: ca. 11,5 cm x 15,5 cm<\/p>\n","protected":false},"excerpt":{"rendered":"<p>Diese &#8211;Duftkissen haben ein kleines Einschubfach&#8211;, einen Gutschein oder Geldscheine stecken kannst. Das ist viel pers\u00f6nlicher, als wenn du das Geld nur in einen Umschlag \u00fcberreichst. Diese kleinen P\u00f6lster duften wunderbar, da sie mit Zirbenflocken und Rosenbl\u00fcten gef\u00fcllt sind. F\u00fcr die R\u00fcckseite habe ich einen edlen schwarzen Stoff mit Katzenmotiven gew\u00e4hlt. Ma\u00dfe der Kissen: ca. &hellip; <a href=\"https:\/\/www.regionalis.shop\/uschis-naturwerkstatt\/shop\/duftendes-geldgeschenk-secret3\/\">Continued<\/a><\/p>\n","protected":false},"featured_media":1173,"template":"","meta":{"_acf_changed":false},"product_brand":[],"product_cat":[162,83],"product_tag":[],"class_list":{"0":"post-1172","1":"product","2":"type-product","3":"status-publish","4":"has-post-thumbnail","6":"product_cat-null","7":"product_cat-sonstiges","9":"first","10":"instock","11":"purchasable","12":"product-type-simple"},"acf":[],"_links":{"self":[{"href":"https:\/\/www.regionalis.shop\/uschis-naturwerkstatt\/wp-json\/wp\/v2\/product\/1172","targetHints":{"allow":["GET"]}}],"collection":[{"href":"https:\/\/www.regionalis.shop\/uschis-naturwerkstatt\/wp-json\/wp\/v2\/product"}],"about":[{"href":"https:\/\/www.regionalis.shop\/uschis-naturwerkstatt\/wp-json\/wp\/v2\/types\/product"}],"wp:featuredmedia":[{"embeddable":true,"href":"https:\/\/www.regionalis.shop\/uschis-naturwerkstatt\/wp-json\/wp\/v2\/media\/1173"}],"wp:attachment":[{"href":"https:\/\/www.regionalis.shop\/uschis-naturwerkstatt\/wp-json\/wp\/v2\/media?parent=1172"}],"wp:term":[{"taxonomy":"product_brand","embeddable":true,"href":"https:\/\/www.regionalis.shop\/uschis-naturwerkstatt\/wp-json\/wp\/v2\/product_brand?post=1172"},{"taxonomy":"product_cat","embeddable":true,"href":"https:\/\/www.regionalis.shop\/uschis-naturwerkstatt\/wp-json\/wp\/v2\/product_cat?post=1172"},{"taxonomy":"product_tag","embeddable":true,"href":"https:\/\/www.regionalis.shop\/uschis-naturwerkstatt\/wp-json\/wp\/v2\/product_tag?post=1172"}],"curies":[{"name":"wp","href":"https:\/\/api.w.org\/{rel}","templated":true}]}}