{"id":1118,"date":"2025-04-18T07:40:16","date_gmt":"2025-04-18T05:40:16","guid":{"rendered":"https:\/\/www.regionalis.shop\/vilea-dna-erinnerungsschmuck\/product\/anker-halskette\/"},"modified":"2025-04-18T07:40:16","modified_gmt":"2025-04-18T05:40:16","slug":"anker-halskette","status":"publish","type":"product","link":"https:\/\/www.regionalis.shop\/vilea-dna-erinnerungsschmuck\/shop\/anker-halskette\/","title":{"rendered":"Anker Halskette"},"content":{"rendered":"<p>Ankerkette<br \/>\n&#8211;St\u00e4rke&#8211; 1,55 mm<br \/>\n&#8211;L\u00e4nge:&#8211; w\u00e4hlbar 40cm, 45cm, 50cm oder 55cm<\/p>\n<p>&#8211;Farbe:&#8211; 925 Silber, 925 Rhodium, 925 (24k) Gold Beschichtung,<br \/>\n925 (18k) Rosegold Beschichtung<\/p>\n<p>\/\/ Nach dem Kauf melden wir uns bei Ihnen und kl\u00e4ren die Farbe.\/\/<\/p>\n","protected":false},"excerpt":{"rendered":"<p>Ankerkette &#8211;St\u00e4rke&#8211; 1,55 mm &#8211;L\u00e4nge:&#8211; w\u00e4hlbar 40cm, 45cm, 50cm oder 55cm &#8211;Farbe:&#8211; 925 Silber, 925 Rhodium, 925 (24k) Gold Beschichtung, 925 (18k) Rosegold Beschichtung \/\/ Nach dem Kauf melden wir uns bei Ihnen und kl\u00e4ren die Farbe.\/\/<\/p>\n","protected":false},"featured_media":1119,"template":"","meta":{"_acf_changed":false},"product_brand":[],"product_cat":[141,70],"product_tag":[],"class_list":{"0":"post-1118","1":"product","2":"type-product","3":"status-publish","4":"has-post-thumbnail","6":"product_cat-halsketten","7":"product_cat-schmuck","9":"first","10":"instock","11":"purchasable","12":"product-type-simple"},"acf":[],"_links":{"self":[{"href":"https:\/\/www.regionalis.shop\/vilea-dna-erinnerungsschmuck\/wp-json\/wp\/v2\/product\/1118","targetHints":{"allow":["GET"]}}],"collection":[{"href":"https:\/\/www.regionalis.shop\/vilea-dna-erinnerungsschmuck\/wp-json\/wp\/v2\/product"}],"about":[{"href":"https:\/\/www.regionalis.shop\/vilea-dna-erinnerungsschmuck\/wp-json\/wp\/v2\/types\/product"}],"wp:featuredmedia":[{"embeddable":true,"href":"https:\/\/www.regionalis.shop\/vilea-dna-erinnerungsschmuck\/wp-json\/wp\/v2\/media\/1119"}],"wp:attachment":[{"href":"https:\/\/www.regionalis.shop\/vilea-dna-erinnerungsschmuck\/wp-json\/wp\/v2\/media?parent=1118"}],"wp:term":[{"taxonomy":"product_brand","embeddable":true,"href":"https:\/\/www.regionalis.shop\/vilea-dna-erinnerungsschmuck\/wp-json\/wp\/v2\/product_brand?post=1118"},{"taxonomy":"product_cat","embeddable":true,"href":"https:\/\/www.regionalis.shop\/vilea-dna-erinnerungsschmuck\/wp-json\/wp\/v2\/product_cat?post=1118"},{"taxonomy":"product_tag","embeddable":true,"href":"https:\/\/www.regionalis.shop\/vilea-dna-erinnerungsschmuck\/wp-json\/wp\/v2\/product_tag?post=1118"}],"curies":[{"name":"wp","href":"https:\/\/api.w.org\/{rel}","templated":true}]}}