{"id":1061,"date":"2025-04-28T03:32:00","date_gmt":"2025-04-28T01:32:00","guid":{"rendered":"https:\/\/www.regionalis.shop\/villa-erbse-bio-imkerei\/product\/bio-cremehonig-mit-rose-pfeffer\/"},"modified":"2025-04-28T03:32:00","modified_gmt":"2025-04-28T01:32:00","slug":"bio-cremehonig-mit-rose-pfeffer","status":"publish","type":"product","link":"https:\/\/www.regionalis.shop\/villa-erbse-bio-imkerei\/shop\/bio-cremehonig-mit-rose-pfeffer\/","title":{"rendered":"Bio Cremehonig mit Rose &#038; Pfeffer"},"content":{"rendered":"<p>Verleiht die rosarote Brille: Liebliche Beerennoten und duftende Bl\u00fctenbl\u00e4tter garniert mit einer Prise Vanille und etwas Rosa Pfeffer. <\/p>\n<p>Zuataten: \u00d6sterreichischer Cremehonig, Erdbeeren, Rosa Pfeffer, Himbeeren, Rosenbl\u00fcten, Koriander, Vanille, Kornblumen (alle Zutaten aus kontrollierter Bio-Landwirtschaft)<\/p>\n","protected":false},"excerpt":{"rendered":"<p>Verleiht die rosarote Brille: Liebliche Beerennoten und duftende Bl\u00fctenbl\u00e4tter garniert mit einer Prise Vanille und etwas Rosa Pfeffer. Zuataten: \u00d6sterreichischer Cremehonig, Erdbeeren, Rosa Pfeffer, Himbeeren, Rosenbl\u00fcten, Koriander, Vanille, Kornblumen (alle Zutaten aus kontrollierter Bio-Landwirtschaft)<\/p>\n","protected":false},"featured_media":1062,"template":"","meta":{"_acf_changed":false},"product_brand":[],"product_cat":[145,69],"product_tag":[],"class_list":{"0":"post-1061","1":"product","2":"type-product","3":"status-publish","4":"has-post-thumbnail","6":"product_cat-honig","7":"product_cat-schmankerl-kulinarik","9":"first","10":"instock","11":"purchasable","12":"product-type-simple"},"acf":[],"_links":{"self":[{"href":"https:\/\/www.regionalis.shop\/villa-erbse-bio-imkerei\/wp-json\/wp\/v2\/product\/1061","targetHints":{"allow":["GET"]}}],"collection":[{"href":"https:\/\/www.regionalis.shop\/villa-erbse-bio-imkerei\/wp-json\/wp\/v2\/product"}],"about":[{"href":"https:\/\/www.regionalis.shop\/villa-erbse-bio-imkerei\/wp-json\/wp\/v2\/types\/product"}],"wp:featuredmedia":[{"embeddable":true,"href":"https:\/\/www.regionalis.shop\/villa-erbse-bio-imkerei\/wp-json\/wp\/v2\/media\/1062"}],"wp:attachment":[{"href":"https:\/\/www.regionalis.shop\/villa-erbse-bio-imkerei\/wp-json\/wp\/v2\/media?parent=1061"}],"wp:term":[{"taxonomy":"product_brand","embeddable":true,"href":"https:\/\/www.regionalis.shop\/villa-erbse-bio-imkerei\/wp-json\/wp\/v2\/product_brand?post=1061"},{"taxonomy":"product_cat","embeddable":true,"href":"https:\/\/www.regionalis.shop\/villa-erbse-bio-imkerei\/wp-json\/wp\/v2\/product_cat?post=1061"},{"taxonomy":"product_tag","embeddable":true,"href":"https:\/\/www.regionalis.shop\/villa-erbse-bio-imkerei\/wp-json\/wp\/v2\/product_tag?post=1061"}],"curies":[{"name":"wp","href":"https:\/\/api.w.org\/{rel}","templated":true}]}}