{"id":1053,"date":"2025-04-18T09:34:21","date_gmt":"2025-04-18T07:34:21","guid":{"rendered":"https:\/\/www.regionalis.shop\/weingut-martinshof-michael-martin\/product\/2022-chardonnay-privat\/"},"modified":"2025-04-18T09:34:21","modified_gmt":"2025-04-18T07:34:21","slug":"2022-chardonnay-privat","status":"publish","type":"product","link":"https:\/\/www.regionalis.shop\/weingut-martinshof-michael-martin\/shop\/2022-chardonnay-privat\/","title":{"rendered":"2022 Chardonnay Privat"},"content":{"rendered":"<p>PRIVAT \u2013 Hei\u00dft eigenwillig wie Burgunder und ich<\/p>\n<p>Helles Gelb. In der Nase Duft nach Honigmelone. Beim ersten Schluck sp\u00fcrt man seine frische Jugend, aber auch die gute Substanz, die im langen Abgang zu der typischen Burgunderw\u00fcrze ausartet.<\/p>\n<p>Serviert zu gebratenen Fisch- und Fleischgerichten und w\u00fcrzigem Schnittk\u00e4se, wie Emmentaler oder Gouda.<\/p>\n","protected":false},"excerpt":{"rendered":"<p>PRIVAT \u2013 Hei\u00dft eigenwillig wie Burgunder und ich Helles Gelb. In der Nase Duft nach Honigmelone. Beim ersten Schluck sp\u00fcrt man seine frische Jugend, aber auch die gute Substanz, die im langen Abgang zu der typischen Burgunderw\u00fcrze ausartet. Serviert zu gebratenen Fisch- und Fleischgerichten und w\u00fcrzigem Schnittk\u00e4se, wie Emmentaler oder Gouda.<\/p>\n","protected":false},"featured_media":1054,"template":"","meta":{"_acf_changed":false},"product_brand":[],"product_cat":[69,102],"product_tag":[],"class_list":{"0":"post-1053","1":"product","2":"type-product","3":"status-publish","4":"has-post-thumbnail","6":"product_cat-schmankerl-kulinarik","7":"product_cat-wein","9":"first","10":"instock","11":"purchasable","12":"product-type-simple"},"acf":[],"_links":{"self":[{"href":"https:\/\/www.regionalis.shop\/weingut-martinshof-michael-martin\/wp-json\/wp\/v2\/product\/1053","targetHints":{"allow":["GET"]}}],"collection":[{"href":"https:\/\/www.regionalis.shop\/weingut-martinshof-michael-martin\/wp-json\/wp\/v2\/product"}],"about":[{"href":"https:\/\/www.regionalis.shop\/weingut-martinshof-michael-martin\/wp-json\/wp\/v2\/types\/product"}],"wp:featuredmedia":[{"embeddable":true,"href":"https:\/\/www.regionalis.shop\/weingut-martinshof-michael-martin\/wp-json\/wp\/v2\/media\/1054"}],"wp:attachment":[{"href":"https:\/\/www.regionalis.shop\/weingut-martinshof-michael-martin\/wp-json\/wp\/v2\/media?parent=1053"}],"wp:term":[{"taxonomy":"product_brand","embeddable":true,"href":"https:\/\/www.regionalis.shop\/weingut-martinshof-michael-martin\/wp-json\/wp\/v2\/product_brand?post=1053"},{"taxonomy":"product_cat","embeddable":true,"href":"https:\/\/www.regionalis.shop\/weingut-martinshof-michael-martin\/wp-json\/wp\/v2\/product_cat?post=1053"},{"taxonomy":"product_tag","embeddable":true,"href":"https:\/\/www.regionalis.shop\/weingut-martinshof-michael-martin\/wp-json\/wp\/v2\/product_tag?post=1053"}],"curies":[{"name":"wp","href":"https:\/\/api.w.org\/{rel}","templated":true}]}}

<p>PRIVAT – Heißt eigenwillig wie Burgunder und ich</p>
<p>Helles Gelb. In der Nase Duft nach Honigmelone. Beim ersten Schluck spürt man seine frische Jugend, aber auch die gute Substanz, die im langen Abgang zu der typischen Burgunderwürze ausartet.</p>
<p>Serviert zu gebratenen Fisch- und Fleischgerichten und würzigem Schnittkäse, wie Emmentaler oder Gouda.</p>

<p>PRIVAT – Heißt eigenwillig wie Burgunder und ich Helles Gelb. In der Nase Duft nach Honigmelone. Beim ersten Schluck spürt man seine frische Jugend, aber auch die gute Substanz, die im langen Abgang zu der typischen Burgunderwürze ausartet. Serviert zu gebratenen Fisch- und Fleischgerichten und würzigem Schnittkäse, wie Emmentaler oder Gouda.</p>
