{"id":1077,"date":"2025-04-18T02:37:38","date_gmt":"2025-04-18T00:37:38","guid":{"rendered":"https:\/\/www.regionalis.shop\/weingut-martinshof-michael-martin\/product\/2018-gruener-veltliner-reserve\/"},"modified":"2025-04-18T02:37:38","modified_gmt":"2025-04-18T00:37:38","slug":"2018-gruener-veltliner-reserve","status":"publish","type":"product","link":"https:\/\/www.regionalis.shop\/weingut-martinshof-michael-martin\/shop\/2018-gruener-veltliner-reserve\/","title":{"rendered":"2018 Gr\u00fcner Veltliner Reserve"},"content":{"rendered":"<p>Gelbgoldige Farbe, kr\u00e4ftige Birne, satte R\u00f6staromen; sehr opulent am Gaumen, dichter, cremiger Abgang.<\/p>\n<p>Idealer Speisenbegleiter f\u00fcr Innereien, gegrillte Meeresfr\u00fcchte und G\u00e4nseleber.<\/p>\n<p>Die Lage: Der Hausberg ist eine S\u00fcdlage, wobei der Boden ein Gemisch aus Lehm-L\u00f6ss und Schwarzerde ist und deshalb runde und kr\u00e4ftige Weissweine das vinophile Ergebnis sind.<\/p>\n","protected":false},"excerpt":{"rendered":"<p>Gelbgoldige Farbe, kr\u00e4ftige Birne, satte R\u00f6staromen; sehr opulent am Gaumen, dichter, cremiger Abgang. Idealer Speisenbegleiter f\u00fcr Innereien, gegrillte Meeresfr\u00fcchte und G\u00e4nseleber. Die Lage: Der Hausberg ist eine S\u00fcdlage, wobei der Boden ein Gemisch aus Lehm-L\u00f6ss und Schwarzerde ist und deshalb runde und kr\u00e4ftige Weissweine das vinophile Ergebnis sind.<\/p>\n","protected":false},"featured_media":1078,"template":"","meta":{"_acf_changed":false},"product_brand":[],"product_cat":[69,102],"product_tag":[],"class_list":{"0":"post-1077","1":"product","2":"type-product","3":"status-publish","4":"has-post-thumbnail","6":"product_cat-schmankerl-kulinarik","7":"product_cat-wein","9":"first","10":"instock","11":"purchasable","12":"product-type-simple"},"acf":[],"_links":{"self":[{"href":"https:\/\/www.regionalis.shop\/weingut-martinshof-michael-martin\/wp-json\/wp\/v2\/product\/1077","targetHints":{"allow":["GET"]}}],"collection":[{"href":"https:\/\/www.regionalis.shop\/weingut-martinshof-michael-martin\/wp-json\/wp\/v2\/product"}],"about":[{"href":"https:\/\/www.regionalis.shop\/weingut-martinshof-michael-martin\/wp-json\/wp\/v2\/types\/product"}],"wp:featuredmedia":[{"embeddable":true,"href":"https:\/\/www.regionalis.shop\/weingut-martinshof-michael-martin\/wp-json\/wp\/v2\/media\/1078"}],"wp:attachment":[{"href":"https:\/\/www.regionalis.shop\/weingut-martinshof-michael-martin\/wp-json\/wp\/v2\/media?parent=1077"}],"wp:term":[{"taxonomy":"product_brand","embeddable":true,"href":"https:\/\/www.regionalis.shop\/weingut-martinshof-michael-martin\/wp-json\/wp\/v2\/product_brand?post=1077"},{"taxonomy":"product_cat","embeddable":true,"href":"https:\/\/www.regionalis.shop\/weingut-martinshof-michael-martin\/wp-json\/wp\/v2\/product_cat?post=1077"},{"taxonomy":"product_tag","embeddable":true,"href":"https:\/\/www.regionalis.shop\/weingut-martinshof-michael-martin\/wp-json\/wp\/v2\/product_tag?post=1077"}],"curies":[{"name":"wp","href":"https:\/\/api.w.org\/{rel}","templated":true}]}}

2018 Grüner Veltliner Reserve

<p>Gelbgoldige Farbe, kräftige Birne, satte Röstaromen; sehr opulent am Gaumen, dichter, cremiger Abgang.</p>
<p>Idealer Speisenbegleiter für Innereien, gegrillte Meeresfrüchte und Gänseleber.</p>
<p>Die Lage: Der Hausberg ist eine Südlage, wobei der Boden ein Gemisch aus Lehm-Löss und Schwarzerde ist und deshalb runde und kräftige Weissweine das vinophile Ergebnis sind.</p>

<p>Gelbgoldige Farbe, kräftige Birne, satte Röstaromen; sehr opulent am Gaumen, dichter, cremiger Abgang. Idealer Speisenbegleiter für Innereien, gegrillte Meeresfrüchte und Gänseleber. Die Lage: Der Hausberg ist eine Südlage, wobei der Boden ein Gemisch aus Lehm-Löss und Schwarzerde ist und deshalb runde und kräftige Weissweine das vinophile Ergebnis sind.</p>
