{"id":1081,"date":"2025-04-18T02:37:20","date_gmt":"2025-04-18T00:37:20","guid":{"rendered":"https:\/\/www.regionalis.shop\/weingut-martinshof-michael-martin\/product\/2022-weissburgunder-hausberg\/"},"modified":"2025-04-18T02:37:20","modified_gmt":"2025-04-18T00:37:20","slug":"2022-weissburgunder-hausberg","status":"publish","type":"product","link":"https:\/\/www.regionalis.shop\/weingut-martinshof-michael-martin\/shop\/2022-weissburgunder-hausberg\/","title":{"rendered":"2022 Wei\u00dfburgunder Hausberg"},"content":{"rendered":"<p>Strohgelb in der Farbe, in der Nase ein sch\u00f6nes \u201eBurgunder-Nu\u00df\u201c. Beim ersten Schluck mittelkr\u00e4ftig, angenehm und schmeichelnd am Gaumen.<br \/>\nIdeal an einem Fr\u00fchlingsabend zu gekochtem Rindfleisch mit frischem Gem\u00fcse.<\/p>\n<p>Der Hausberg ist eine S\u00fcdlage, wobei der Boden ein Gemisch aus Lehm-L\u00f6ss und Schwarzerde ist und deshalb runde und kr\u00e4ftige Weissweine das vinophile Ergebnis sind.<\/p>\n","protected":false},"excerpt":{"rendered":"<p>Strohgelb in der Farbe, in der Nase ein sch\u00f6nes \u201eBurgunder-Nu\u00df\u201c. Beim ersten Schluck mittelkr\u00e4ftig, angenehm und schmeichelnd am Gaumen. Ideal an einem Fr\u00fchlingsabend zu gekochtem Rindfleisch mit frischem Gem\u00fcse. Der Hausberg ist eine S\u00fcdlage, wobei der Boden ein Gemisch aus Lehm-L\u00f6ss und Schwarzerde ist und deshalb runde und kr\u00e4ftige Weissweine das vinophile Ergebnis sind.<\/p>\n","protected":false},"featured_media":1082,"template":"","meta":{"_acf_changed":false},"product_brand":[],"product_cat":[69,102],"product_tag":[],"class_list":{"0":"post-1081","1":"product","2":"type-product","3":"status-publish","4":"has-post-thumbnail","6":"product_cat-schmankerl-kulinarik","7":"product_cat-wein","9":"first","10":"instock","11":"purchasable","12":"product-type-simple"},"acf":[],"_links":{"self":[{"href":"https:\/\/www.regionalis.shop\/weingut-martinshof-michael-martin\/wp-json\/wp\/v2\/product\/1081","targetHints":{"allow":["GET"]}}],"collection":[{"href":"https:\/\/www.regionalis.shop\/weingut-martinshof-michael-martin\/wp-json\/wp\/v2\/product"}],"about":[{"href":"https:\/\/www.regionalis.shop\/weingut-martinshof-michael-martin\/wp-json\/wp\/v2\/types\/product"}],"wp:featuredmedia":[{"embeddable":true,"href":"https:\/\/www.regionalis.shop\/weingut-martinshof-michael-martin\/wp-json\/wp\/v2\/media\/1082"}],"wp:attachment":[{"href":"https:\/\/www.regionalis.shop\/weingut-martinshof-michael-martin\/wp-json\/wp\/v2\/media?parent=1081"}],"wp:term":[{"taxonomy":"product_brand","embeddable":true,"href":"https:\/\/www.regionalis.shop\/weingut-martinshof-michael-martin\/wp-json\/wp\/v2\/product_brand?post=1081"},{"taxonomy":"product_cat","embeddable":true,"href":"https:\/\/www.regionalis.shop\/weingut-martinshof-michael-martin\/wp-json\/wp\/v2\/product_cat?post=1081"},{"taxonomy":"product_tag","embeddable":true,"href":"https:\/\/www.regionalis.shop\/weingut-martinshof-michael-martin\/wp-json\/wp\/v2\/product_tag?post=1081"}],"curies":[{"name":"wp","href":"https:\/\/api.w.org\/{rel}","templated":true}]}}