{"id":1077,"date":"2025-12-12T22:58:10","date_gmt":"2025-12-12T21:58:10","guid":{"rendered":"https:\/\/www.regionalis.shop\/weinhof-preis\/?post_type=product&#038;p=1077"},"modified":"2026-02-01T08:03:48","modified_gmt":"2026-02-01T07:03:48","slug":"frizzantepaket","status":"publish","type":"product","link":"https:\/\/www.regionalis.shop\/weinhof-preis\/shop\/frizzantepaket\/","title":{"rendered":"Frizzantepaket"},"content":{"rendered":"<h1>Prickelnder Genuss im Vorteilspaket<\/h1>\n<p>Unsere prickelnden Frizzante-Pakete sind der perfekte Genuss f\u00fcr jeden Anlass. Mit 3 Flaschen <strong>Marillen Frizzante<\/strong> und 3 Flaschen <strong>Rose Frizzante<\/strong> bieten wir eine k\u00f6stliche Auswahl an erfrischenden Getr\u00e4nken. Die <strong>fruchtigen Aromen<\/strong> und die <strong>feine Perlage<\/strong> machen diese Frizzante zu einem <strong>unvergesslichen Geschmackserlebnis<\/strong>. Holen Sie sich jetzt unser exklusives Paket und genie\u00dfen Sie den verf\u00fchrerischen Genuss unserer hochwertigen Frizzante-Sorten.<\/p>\n","protected":false},"excerpt":{"rendered":"<p>Prickelnder Genuss im Vorteilspaket Unsere prickelnden Frizzante-Pakete sind der perfekte Genuss f\u00fcr jeden Anlass. Mit 3 Flaschen Marillen Frizzante und 3 Flaschen Rose Frizzante bieten wir eine k\u00f6stliche Auswahl an erfrischenden Getr\u00e4nken. Die fruchtigen Aromen und die feine Perlage machen diese Frizzante zu einem unvergesslichen Geschmackserlebnis. Holen Sie sich jetzt unser exklusives Paket und genie\u00dfen &hellip; <a href=\"https:\/\/www.regionalis.shop\/weinhof-preis\/shop\/frizzantepaket\/\">Continued<\/a><\/p>\n","protected":false},"featured_media":1078,"template":"","meta":{"_acf_changed":false},"product_brand":[],"product_cat":[69,102],"product_tag":[],"class_list":{"0":"post-1077","1":"product","2":"type-product","3":"status-publish","4":"has-post-thumbnail","6":"product_cat-schmankerl-kulinarik","7":"product_cat-wein","9":"first","10":"instock","11":"taxable","12":"shipping-taxable","13":"purchasable","14":"product-type-simple"},"acf":[],"_links":{"self":[{"href":"https:\/\/www.regionalis.shop\/weinhof-preis\/wp-json\/wp\/v2\/product\/1077","targetHints":{"allow":["GET"]}}],"collection":[{"href":"https:\/\/www.regionalis.shop\/weinhof-preis\/wp-json\/wp\/v2\/product"}],"about":[{"href":"https:\/\/www.regionalis.shop\/weinhof-preis\/wp-json\/wp\/v2\/types\/product"}],"wp:featuredmedia":[{"embeddable":true,"href":"https:\/\/www.regionalis.shop\/weinhof-preis\/wp-json\/wp\/v2\/media\/1078"}],"wp:attachment":[{"href":"https:\/\/www.regionalis.shop\/weinhof-preis\/wp-json\/wp\/v2\/media?parent=1077"}],"wp:term":[{"taxonomy":"product_brand","embeddable":true,"href":"https:\/\/www.regionalis.shop\/weinhof-preis\/wp-json\/wp\/v2\/product_brand?post=1077"},{"taxonomy":"product_cat","embeddable":true,"href":"https:\/\/www.regionalis.shop\/weinhof-preis\/wp-json\/wp\/v2\/product_cat?post=1077"},{"taxonomy":"product_tag","embeddable":true,"href":"https:\/\/www.regionalis.shop\/weinhof-preis\/wp-json\/wp\/v2\/product_tag?post=1077"}],"curies":[{"name":"wp","href":"https:\/\/api.w.org\/{rel}","templated":true}]}}