{"id":1050,"date":"2025-04-18T06:09:27","date_gmt":"2025-04-18T04:09:27","guid":{"rendered":"https:\/\/www.regionalis.shop\/wollwerk-vienna\/product\/osterkoerbchen\/"},"modified":"2025-04-18T06:09:27","modified_gmt":"2025-04-18T04:09:27","slug":"osterkoerbchen","status":"publish","type":"product","link":"https:\/\/www.regionalis.shop\/wollwerk-vienna\/shop\/osterkoerbchen\/","title":{"rendered":"Osterk\u00f6rbchen"},"content":{"rendered":"<p>Unsere Osterk\u00f6rbe werden geh\u00e4kelt und sind durch ihren Holzboden besonders stabil und somit gut bef\u00fcllbar. Sie sind individuell in euren Wunschfarben zusammenstellbar und werden nach euren W\u00fcnschen angefertigt und am Holzboden mit eurem Wunschnamen graviert.<\/p>\n","protected":false},"excerpt":{"rendered":"<p>Unsere Osterk\u00f6rbe werden geh\u00e4kelt und sind durch ihren Holzboden besonders stabil und somit gut bef\u00fcllbar. Sie sind individuell in euren Wunschfarben zusammenstellbar und werden nach euren W\u00fcnschen angefertigt und am Holzboden mit eurem Wunschnamen graviert.<\/p>\n","protected":false},"featured_media":1051,"template":"","meta":{"_acf_changed":false},"product_brand":[],"product_cat":[162,83],"product_tag":[],"class_list":{"0":"post-1050","1":"product","2":"type-product","3":"status-publish","4":"has-post-thumbnail","6":"product_cat-null","7":"product_cat-sonstiges","9":"first","10":"instock","11":"purchasable","12":"product-type-simple"},"acf":[],"_links":{"self":[{"href":"https:\/\/www.regionalis.shop\/wollwerk-vienna\/wp-json\/wp\/v2\/product\/1050","targetHints":{"allow":["GET"]}}],"collection":[{"href":"https:\/\/www.regionalis.shop\/wollwerk-vienna\/wp-json\/wp\/v2\/product"}],"about":[{"href":"https:\/\/www.regionalis.shop\/wollwerk-vienna\/wp-json\/wp\/v2\/types\/product"}],"wp:featuredmedia":[{"embeddable":true,"href":"https:\/\/www.regionalis.shop\/wollwerk-vienna\/wp-json\/wp\/v2\/media\/1051"}],"wp:attachment":[{"href":"https:\/\/www.regionalis.shop\/wollwerk-vienna\/wp-json\/wp\/v2\/media?parent=1050"}],"wp:term":[{"taxonomy":"product_brand","embeddable":true,"href":"https:\/\/www.regionalis.shop\/wollwerk-vienna\/wp-json\/wp\/v2\/product_brand?post=1050"},{"taxonomy":"product_cat","embeddable":true,"href":"https:\/\/www.regionalis.shop\/wollwerk-vienna\/wp-json\/wp\/v2\/product_cat?post=1050"},{"taxonomy":"product_tag","embeddable":true,"href":"https:\/\/www.regionalis.shop\/wollwerk-vienna\/wp-json\/wp\/v2\/product_tag?post=1050"}],"curies":[{"name":"wp","href":"https:\/\/api.w.org\/{rel}","templated":true}]}}