{"id":1066,"date":"2025-04-18T09:23:43","date_gmt":"2025-04-18T07:23:43","guid":{"rendered":"https:\/\/www.regionalis.shop\/wunschleben\/product\/grusskarte-heissluftballon\/"},"modified":"2025-04-18T09:23:43","modified_gmt":"2025-04-18T07:23:43","slug":"grusskarte-heissluftballon","status":"publish","type":"product","link":"https:\/\/www.regionalis.shop\/wunschleben\/shop\/grusskarte-heissluftballon\/","title":{"rendered":"Gru\u00dfkarte &#8222;Hei\u00dfluftballon&#8220;"},"content":{"rendered":"<p>Gru\u00dfkarte &#8222;Hei\u00dfluftballon&#8220;<\/p>\n<p>Diese farbenfrohe Karte verspr\u00fcht Lebensfreude an Geburtstagen!<br \/>\nProbier\u00b4s aus! \ud83d\ude09<\/p>\n<p>Alle Gru\u00dfkarten werden von Hand mit Aquarellfarben gemalt und teilweise mit einem sch\u00f6nen Schriftzug versehen.<\/p>\n<p>Anschlie\u00dfend werden die Motive auf 300gr Leinenpapier gedruckt.<\/p>\n<p>Wunschleben-Produkte sind in ihrer Herstellung sehr hochwertig und individuell.<\/p>\n<p>Die\/Der Beschenkte bekommt eine limitierte Karte, die einzigartig ist.<\/p>\n<p>Produktdetails:<\/p>\n<p>Ma\u00dfe:<\/p>\n<p>10,5 x 15 cm<\/p>\n<p>Papier:<\/p>\n<p>strukturiertes 300gr Leinenpapier<\/p>\n<p>Preis: 4,00 \u20ac zzgl. Porto<\/p>\n","protected":false},"excerpt":{"rendered":"<p>Gru\u00dfkarte &#8222;Hei\u00dfluftballon&#8220; Diese farbenfrohe Karte verspr\u00fcht Lebensfreude an Geburtstagen! Probier\u00b4s aus! \ud83d\ude09 Alle Gru\u00dfkarten werden von Hand mit Aquarellfarben gemalt und teilweise mit einem sch\u00f6nen Schriftzug versehen. Anschlie\u00dfend werden die Motive auf 300gr Leinenpapier gedruckt. Wunschleben-Produkte sind in ihrer Herstellung sehr hochwertig und individuell. Die\/Der Beschenkte bekommt eine limitierte Karte, die einzigartig ist. Produktdetails: Ma\u00dfe: &hellip; <a href=\"https:\/\/www.regionalis.shop\/wunschleben\/shop\/grusskarte-heissluftballon\/\">Continued<\/a><\/p>\n","protected":false},"featured_media":1067,"template":"","meta":{"_acf_changed":false},"product_brand":[],"product_cat":[134,62],"product_tag":[],"class_list":{"0":"post-1066","1":"product","2":"type-product","3":"status-publish","4":"has-post-thumbnail","6":"product_cat-geschenk-gruskarten","7":"product_cat-papeterie-schreibwaren","9":"first","10":"instock","11":"purchasable","12":"product-type-simple"},"acf":[],"_links":{"self":[{"href":"https:\/\/www.regionalis.shop\/wunschleben\/wp-json\/wp\/v2\/product\/1066","targetHints":{"allow":["GET"]}}],"collection":[{"href":"https:\/\/www.regionalis.shop\/wunschleben\/wp-json\/wp\/v2\/product"}],"about":[{"href":"https:\/\/www.regionalis.shop\/wunschleben\/wp-json\/wp\/v2\/types\/product"}],"wp:featuredmedia":[{"embeddable":true,"href":"https:\/\/www.regionalis.shop\/wunschleben\/wp-json\/wp\/v2\/media\/1067"}],"wp:attachment":[{"href":"https:\/\/www.regionalis.shop\/wunschleben\/wp-json\/wp\/v2\/media?parent=1066"}],"wp:term":[{"taxonomy":"product_brand","embeddable":true,"href":"https:\/\/www.regionalis.shop\/wunschleben\/wp-json\/wp\/v2\/product_brand?post=1066"},{"taxonomy":"product_cat","embeddable":true,"href":"https:\/\/www.regionalis.shop\/wunschleben\/wp-json\/wp\/v2\/product_cat?post=1066"},{"taxonomy":"product_tag","embeddable":true,"href":"https:\/\/www.regionalis.shop\/wunschleben\/wp-json\/wp\/v2\/product_tag?post=1066"}],"curies":[{"name":"wp","href":"https:\/\/api.w.org\/{rel}","templated":true}]}}