{"id":1104,"date":"2025-11-04T09:47:31","date_gmt":"2025-11-04T08:47:31","guid":{"rendered":"https:\/\/www.regionalis.shop\/wunschleben\/?post_type=product&#038;p=1104"},"modified":"2025-11-04T09:47:31","modified_gmt":"2025-11-04T08:47:31","slug":"kartenhalter-stern","status":"publish","type":"product","link":"https:\/\/www.regionalis.shop\/wunschleben\/shop\/kartenhalter-stern\/","title":{"rendered":"Kartenhalter &#8222;Stern&#8220;"},"content":{"rendered":"<p>Kartenhalter &#8222;Stern&#8220;<\/p>\n<p>Dieser wundersch\u00f6ne Kartenhalter ist klassisch Sternf\u00f6rmig und aus Tannenholz. Ideal zum dekorieren in der Weihnachtszeit.<\/p>\n<p>Es k\u00f6nnen sowohl hochformatige als auch querformatige Karten hineingestellt werden.<\/p>\n<p>&nbsp;<\/p>\n<p><em>Produktdetails:<\/em><\/p>\n<p><i>Ma\u00dfe: <\/i>16 x 2 cm<\/p>\n<p>Holz: Tanne<\/p>\n<p>Preis: \u20ac19,- zzgl. Porto<\/p>\n<p>Viel Freude!<\/p>\n<p>&nbsp;<\/p>\n<p><strong>Good to know:<\/strong><\/p>\n<p>Angefertigt f\u00fcr dich von einem regionalen Tischler!<\/p>\n<p>&nbsp;<\/p>\n","protected":false},"excerpt":{"rendered":"<p>Kartenhalter &#8222;Stern&#8220; Dieser wundersch\u00f6ne Kartenhalter ist klassisch Sternf\u00f6rmig und aus Tannenholz. Ideal zum dekorieren in der Weihnachtszeit. Es k\u00f6nnen sowohl hochformatige als auch querformatige Karten hineingestellt werden. &nbsp; Produktdetails: Ma\u00dfe: 16 x 2 cm Holz: Tanne Preis: \u20ac19,- zzgl. Porto Viel Freude! &nbsp; Good to know: Angefertigt f\u00fcr dich von einem regionalen Tischler! &nbsp;<\/p>\n","protected":false},"featured_media":1105,"template":"","meta":{"_acf_changed":false},"product_brand":[],"product_cat":[134,62],"product_tag":[],"class_list":{"0":"post-1104","1":"product","2":"type-product","3":"status-publish","4":"has-post-thumbnail","6":"product_cat-geschenk-gruskarten","7":"product_cat-papeterie-schreibwaren","9":"first","10":"instock","11":"taxable","12":"shipping-taxable","13":"purchasable","14":"product-type-simple"},"acf":[],"_links":{"self":[{"href":"https:\/\/www.regionalis.shop\/wunschleben\/wp-json\/wp\/v2\/product\/1104","targetHints":{"allow":["GET"]}}],"collection":[{"href":"https:\/\/www.regionalis.shop\/wunschleben\/wp-json\/wp\/v2\/product"}],"about":[{"href":"https:\/\/www.regionalis.shop\/wunschleben\/wp-json\/wp\/v2\/types\/product"}],"wp:featuredmedia":[{"embeddable":true,"href":"https:\/\/www.regionalis.shop\/wunschleben\/wp-json\/wp\/v2\/media\/1105"}],"wp:attachment":[{"href":"https:\/\/www.regionalis.shop\/wunschleben\/wp-json\/wp\/v2\/media?parent=1104"}],"wp:term":[{"taxonomy":"product_brand","embeddable":true,"href":"https:\/\/www.regionalis.shop\/wunschleben\/wp-json\/wp\/v2\/product_brand?post=1104"},{"taxonomy":"product_cat","embeddable":true,"href":"https:\/\/www.regionalis.shop\/wunschleben\/wp-json\/wp\/v2\/product_cat?post=1104"},{"taxonomy":"product_tag","embeddable":true,"href":"https:\/\/www.regionalis.shop\/wunschleben\/wp-json\/wp\/v2\/product_tag?post=1104"}],"curies":[{"name":"wp","href":"https:\/\/api.w.org\/{rel}","templated":true}]}}