{"id":862,"date":"2025-05-24T13:44:06","date_gmt":"2025-05-24T11:44:06","guid":{"rendered":"https:\/\/starter.stage.shop-it.at\/?page_id=862"},"modified":"2025-10-23T15:21:37","modified_gmt":"2025-10-23T13:21:37","slug":"startseite","status":"publish","type":"page","link":"https:\/\/www.regionalis.shop\/wurmis-holzdeko\/","title":{"rendered":"Startseite"},"content":{"rendered":"<section>\n        <div class=\"header-image\">\n            <img decoding=\"async\" src=\"https:\/\/www.regionalis.shop\/app\/uploads\/sites\/652\/2320_2021_10_31_10_32_51_836127696.jpeg\" alt=\"\">\n        <\/div>\n    \n    <\/section>\n    <section>\n    <div class=\"header-title\">\n        <h1 class=\"h2\">Willkommen bei Wurmis-Holzdeko<\/h1>\n    <\/div>\n            <h2 class=\"h3\">Handgemacht in Steinakirchen<\/h2>\n                <p>&#8222;&#8211;Jedes St\u00fcck ein Unikat &#8211; Keine Massenware&#8220;&#8211;<\/p>\n<p>Besucht auch unseren Onlineshop:<br \/>\n&#8211;www.wurmis-holzdeko.at&#8211;<\/p>\n<p>Jedes St\u00fcck wird in sorgf\u00e4ltigster Arbeit gefertigt &#8211; auch die Holzmaserung ist niemals die Gleiche &#8211; so ist jedes St\u00fcck ein besonderes Unikat und kein Massenprodukt! Ich lege einen gro\u00dfen Wert auf eine hohe Qualit\u00e4t und eine sorgf\u00e4ltige Verarbeitung meiner Produkte!<\/p>\n<p>Ich m\u00f6chte Euch hier meine Arbeiten pr\u00e4sentieren, die ich in zeitaufw\u00e4ndiger Arbeit entwerfe und fertige.<br \/>\nDiese einzigartigen Produkte findet Ihr im Online Shop. Das reicht von zeitlosen Geschenks-Ideen bis hin zu saisonalen Dekorationsartikel.<\/p>\n\n    \n    <h3>Produkte<\/h3>\n\n    <div class=\"woocommerce columns-3 \"><ul class=\"products columns-3\">\n<li class=\"product type-product post-1054 status-publish first outofstock product_cat-null product_cat-sonstiges has-post-thumbnail purchasable product-type-simple\">\n\t<a href=\"https:\/\/www.regionalis.shop\/wurmis-holzdeko\/shop\/gluecksbringer-emoji-bussi\/\" class=\"woocommerce-LoopProduct-link woocommerce-loop-product__link\"><div class=\"wc-block-grid__product-image\"><img loading=\"lazy\" decoding=\"async\" width=\"420\" height=\"420\" src=\"https:\/\/www.regionalis.shop\/app\/uploads\/sites\/652\/2320_2021_11_27_18_23_13_666064813.jpg\" class=\"attachment-large size-large\" alt=\"Gl\u00fccksbringer Emoji - Bussi\" srcset=\"https:\/\/www.regionalis.shop\/app\/uploads\/sites\/652\/2320_2021_11_27_18_23_13_666064813.jpg 420w, https:\/\/www.regionalis.shop\/app\/uploads\/sites\/652\/2320_2021_11_27_18_23_13_666064813-300x300.jpg 300w, https:\/\/www.regionalis.shop\/app\/uploads\/sites\/652\/2320_2021_11_27_18_23_13_666064813-150x150.jpg 150w, https:\/\/www.regionalis.shop\/app\/uploads\/sites\/652\/2320_2021_11_27_18_23_13_666064813-100x100.jpg 100w\" sizes=\"auto, (max-width: 420px) 100vw, 420px\" \/><\/div><h2 class=\"woocommerce-loop-product__title\">Gl\u00fccksbringer Emoji &#8211; Bussi<\/h2>\n\t<span class=\"price\"><span class=\"woocommerce-Price-amount amount\"><bdi>4,68&nbsp;<span class=\"woocommerce-Price-currencySymbol\">&euro;<\/span><\/bdi><\/span><\/span>\n<\/a><\/li>\n<li class=\"product type-product post-1057 status-publish outofstock product_cat-wohndekoration product_cat-wohnen-deko has-post-thumbnail purchasable product-type-simple\">\n\t<a href=\"https:\/\/www.regionalis.shop\/wurmis-holzdeko\/shop\/wanduhr-baum-des-lebens\/\" class=\"woocommerce-LoopProduct-link woocommerce-loop-product__link\"><div class=\"wc-block-grid__product-image\"><img loading=\"lazy\" decoding=\"async\" width=\"420\" height=\"420\" src=\"https:\/\/www.regionalis.shop\/app\/uploads\/sites\/652\/2320_2021_11_06_21_17_56_679995706.jpeg\" class=\"attachment-large size-large\" alt=\"Wanduhr Baum des Lebens\" srcset=\"https:\/\/www.regionalis.shop\/app\/uploads\/sites\/652\/2320_2021_11_06_21_17_56_679995706.jpeg 420w, https:\/\/www.regionalis.shop\/app\/uploads\/sites\/652\/2320_2021_11_06_21_17_56_679995706-300x300.jpeg 300w, https:\/\/www.regionalis.shop\/app\/uploads\/sites\/652\/2320_2021_11_06_21_17_56_679995706-150x150.jpeg 150w, https:\/\/www.regionalis.shop\/app\/uploads\/sites\/652\/2320_2021_11_06_21_17_56_679995706-100x100.jpeg 100w\" sizes=\"auto, (max-width: 420px) 100vw, 420px\" \/><\/div><h2 class=\"woocommerce-loop-product__title\">Wanduhr Baum des Lebens<\/h2>\n\t<span class=\"price\"><span class=\"woocommerce-Price-amount amount\"><bdi>71,88&nbsp;<span class=\"woocommerce-Price-currencySymbol\">&euro;<\/span><\/bdi><\/span><\/span>\n<\/a><\/li>\n<li class=\"product type-product post-1060 status-publish last outofstock product_cat-wohndekoration product_cat-wohnen-deko has-post-thumbnail purchasable product-type-simple\">\n\t<a href=\"https:\/\/www.regionalis.shop\/wurmis-holzdeko\/shop\/wanduhr-blume-des-lebens\/\" class=\"woocommerce-LoopProduct-link woocommerce-loop-product__link\"><div class=\"wc-block-grid__product-image\"><img loading=\"lazy\" decoding=\"async\" width=\"420\" height=\"420\" src=\"https:\/\/www.regionalis.shop\/app\/uploads\/sites\/652\/2320_2021_11_06_21_16_14_574438028.jpeg\" class=\"attachment-large size-large\" alt=\"Wanduhr Blume des Lebens\" srcset=\"https:\/\/www.regionalis.shop\/app\/uploads\/sites\/652\/2320_2021_11_06_21_16_14_574438028.jpeg 420w, https:\/\/www.regionalis.shop\/app\/uploads\/sites\/652\/2320_2021_11_06_21_16_14_574438028-300x300.jpeg 300w, https:\/\/www.regionalis.shop\/app\/uploads\/sites\/652\/2320_2021_11_06_21_16_14_574438028-150x150.jpeg 150w, https:\/\/www.regionalis.shop\/app\/uploads\/sites\/652\/2320_2021_11_06_21_16_14_574438028-100x100.jpeg 100w\" sizes=\"auto, (max-width: 420px) 100vw, 420px\" \/><\/div><h2 class=\"woocommerce-loop-product__title\">Wanduhr Blume des Lebens<\/h2>\n\t<span class=\"price\"><span class=\"woocommerce-Price-amount amount\"><bdi>71,88&nbsp;<span class=\"woocommerce-Price-currencySymbol\">&euro;<\/span><\/bdi><\/span><\/span>\n<\/a><\/li>\n<\/ul>\n<\/div>\n    <p>\n        <a href=\"https:\/\/www.regionalis.shop\/wurmis-holzdeko\/shop\/\" class=\"btn btn-primary btn-icon-right\">\n            Alle Produkte <i class=\"bi bi-arrow-right-short\"><\/i>\n        <\/a>\n    <\/p>\n<\/section>\n\n<div data-block-name=\"woocommerce\/store-notices\" class=\"wc-block-store-notices woocommerce alignwide alignwide wp-block-woocommerce-store-notices\"><div class=\"woocommerce-notices-wrapper\"><\/div><\/div>","protected":false},"excerpt":{"rendered":"","protected":false},"author":1,"featured_media":0,"parent":0,"menu_order":0,"comment_status":"closed","ping_status":"closed","template":"template-home.blade.php","meta":{"_acf_changed":false,"footnotes":""},"class_list":["post-862","page","type-page","status-publish","hentry"],"acf":[],"_links":{"self":[{"href":"https:\/\/www.regionalis.shop\/wurmis-holzdeko\/wp-json\/wp\/v2\/pages\/862","targetHints":{"allow":["GET"]}}],"collection":[{"href":"https:\/\/www.regionalis.shop\/wurmis-holzdeko\/wp-json\/wp\/v2\/pages"}],"about":[{"href":"https:\/\/www.regionalis.shop\/wurmis-holzdeko\/wp-json\/wp\/v2\/types\/page"}],"author":[{"embeddable":true,"href":"https:\/\/www.regionalis.shop\/wurmis-holzdeko\/wp-json\/wp\/v2\/users\/1"}],"replies":[{"embeddable":true,"href":"https:\/\/www.regionalis.shop\/wurmis-holzdeko\/wp-json\/wp\/v2\/comments?post=862"}],"version-history":[{"count":28,"href":"https:\/\/www.regionalis.shop\/wurmis-holzdeko\/wp-json\/wp\/v2\/pages\/862\/revisions"}],"predecessor-version":[{"id":1041,"href":"https:\/\/www.regionalis.shop\/wurmis-holzdeko\/wp-json\/wp\/v2\/pages\/862\/revisions\/1041"}],"wp:attachment":[{"href":"https:\/\/www.regionalis.shop\/wurmis-holzdeko\/wp-json\/wp\/v2\/media?parent=862"}],"curies":[{"name":"wp","href":"https:\/\/api.w.org\/{rel}","templated":true}]}}