{"id":1073,"date":"2025-04-18T04:03:34","date_gmt":"2025-04-18T02:03:34","guid":{"rendered":"https:\/\/www.regionalis.shop\/wurmis-holzdeko\/product\/ohrstecker-big-circle-nuss\/"},"modified":"2025-11-29T19:44:18","modified_gmt":"2025-11-29T18:44:18","slug":"ohrstecker-big-circle-nuss","status":"publish","type":"product","link":"https:\/\/www.regionalis.shop\/wurmis-holzdeko\/shop\/ohrstecker-big-circle-nuss\/","title":{"rendered":"Ohrstecker Big Circle Nuss"},"content":{"rendered":"<p>Ohrstecker hergestellt aus Nussholz. <\/p>\n<p>Durchmesser 12 mm<br \/>\nNussholz<br \/>\nEdelstahlstecker inkl. Verschluss<br \/>\nHandgestempelte Schachtel incl. Halter<br \/>\nJedes St\u00fcck wird mit sehr viel Liebe und Sorgfalt hergestellt, durch die individuelle Holzmaserung gleicht kein St\u00fcck dem anderem. Die Gravur bzw. das Motiv ist bei den Ohrsteckern ident. <\/p>\n<p>Holz ist ein Naturprodukt und so ist jedes St\u00fcck ein Unikat!<\/p>\n","protected":false},"excerpt":{"rendered":"<p>Ohrstecker hergestellt aus Nussholz. Durchmesser 12 mm Nussholz Edelstahlstecker inkl. Verschluss Handgestempelte Schachtel incl. Halter Jedes St\u00fcck wird mit sehr viel Liebe und Sorgfalt hergestellt, durch die individuelle Holzmaserung gleicht kein St\u00fcck dem anderem. Die Gravur bzw. das Motiv ist bei den Ohrsteckern ident. Holz ist ein Naturprodukt und so ist jedes St\u00fcck ein Unikat!<\/p>\n","protected":false},"featured_media":1074,"template":"","meta":{"_acf_changed":false},"product_brand":[],"product_cat":[163,70],"product_tag":[],"class_list":{"0":"post-1073","1":"product","2":"type-product","3":"status-publish","4":"has-post-thumbnail","6":"product_cat-ohrringe","7":"product_cat-schmuck","9":"first","10":"outofstock","11":"purchasable","12":"product-type-simple"},"acf":[],"_links":{"self":[{"href":"https:\/\/www.regionalis.shop\/wurmis-holzdeko\/wp-json\/wp\/v2\/product\/1073","targetHints":{"allow":["GET"]}}],"collection":[{"href":"https:\/\/www.regionalis.shop\/wurmis-holzdeko\/wp-json\/wp\/v2\/product"}],"about":[{"href":"https:\/\/www.regionalis.shop\/wurmis-holzdeko\/wp-json\/wp\/v2\/types\/product"}],"wp:featuredmedia":[{"embeddable":true,"href":"https:\/\/www.regionalis.shop\/wurmis-holzdeko\/wp-json\/wp\/v2\/media\/1074"}],"wp:attachment":[{"href":"https:\/\/www.regionalis.shop\/wurmis-holzdeko\/wp-json\/wp\/v2\/media?parent=1073"}],"wp:term":[{"taxonomy":"product_brand","embeddable":true,"href":"https:\/\/www.regionalis.shop\/wurmis-holzdeko\/wp-json\/wp\/v2\/product_brand?post=1073"},{"taxonomy":"product_cat","embeddable":true,"href":"https:\/\/www.regionalis.shop\/wurmis-holzdeko\/wp-json\/wp\/v2\/product_cat?post=1073"},{"taxonomy":"product_tag","embeddable":true,"href":"https:\/\/www.regionalis.shop\/wurmis-holzdeko\/wp-json\/wp\/v2\/product_tag?post=1073"}],"curies":[{"name":"wp","href":"https:\/\/api.w.org\/{rel}","templated":true}]}}